{"id":108,"date":"2012-11-12T15:49:42","date_gmt":"2012-11-12T13:49:42","guid":{"rendered":"http:\/\/familie-woehl.de\/?page_id=108"},"modified":"2019-01-25T17:27:28","modified_gmt":"2019-01-25T17:27:28","slug":"franz-kahler-1-5-und-katharina-voss-1-6","status":"publish","type":"page","link":"https:\/\/familie-woehl.de\/?page_id=108","title":{"rendered":"Franz K\u00e4hler (1.5) und Katharina Voss (1.6)"},"content":{"rendered":"\n<p>Franz, geb. 17.12.1788, wird Kuhhirte auf dem <a href=\"https:\/\/www.google.com\/maps\/uv?hl=de&amp;pb=!1s0x47adddd41d85e74d:0xede540660f97d4ea!2m22!2m2!1i80!2i80!3m1!2i20!16m16!1b1!2m2!1m1!1e1!2m2!1m1!1e3!2m2!1m1!1e5!2m2!1m1!1e4!2m2!1m1!1e6!3m1!7e115!4shttps:\/\/lh5.googleusercontent.com\/p\/AF1QipMzzOzP2lZz8S6E4RQv8Qy0BZ6f2A0VyR6Y04Vt%3Dw213-h160-k-no!5sgro%C3%9F+br%C3%BCtz+gutshaus+-+Google-Suche&amp;imagekey=!1e10!2sAF1QipMzzOzP2lZz8S6E4RQv8Qy0BZ6f2A0VyR6Y04Vt&amp;sa=X&amp;ved=2ahUKEwjjrPjQuYngAhUDJlAKHUNUC_EQoiowDnoECAYQBg\" target=\"_blank\" rel=\"noreferrer noopener\" aria-label=\"Gutshof in Gro\u00df Br\u00fctz (\u00f6ffnet in neuem Tab)\">Gutshof in Gro\u00df Br\u00fctz<\/a>, 11 km westlich von Schwerin. Franz holt sich seine Katharina aus der etwa 20 km entfernten Stadt Rehna. Oma Rieke (3.2) sagt, da waren viele Kinder, und das musste auch so sein, denn der Gutsbesitzer verlangt, dass st\u00e4ndig ein \u201cHofg\u00e4nger\u201d gestellt wird. Das jeweils \u00e4lteste Kind muss unentgeltlich auf dem Hof arbeiten. Wenn kein Kind mehr da ist, muss der Tagel\u00f6hner auf seine Kosten ein Nachbarskind f\u00fcr die Dienste am Hof engagieren. Daf\u00fcr darf er mit seiner Familie in einer armseligen Lehmkate wohnen, die zum Gut geh\u00f6rt. F\u00fcr die Arbeit gibt es als ,Debutat&#8216; eine gewisse Menge landwirtschaftlicher Erzeugnisse, gerade so viel, dass die Tagel\u00f6hnerfamilien davon schlecht und recht leben k\u00f6nnen. Geld gibt es entweder gar nicht oder einmal j\u00e4hrlich im Herbst. Man geht damit auf den Herbstmarkt in die Stadt und kauft sich ein Paar Stiefel, oder was man sonst n\u00f6tig hat. Zu gr\u00f6\u00dferen Eink\u00e4ufen reicht es nicht. Doch in der Regel kann man sich selbst ein Schwein halten, vielleicht auch eine Ziege, seltener eine Kuh. Der Gutsherr hat auch bei der Heirat entscheidend mitzureden und soll auch das Recht der ersten Nacht gehabt haben. Mit List verdarb man ihm gew\u00f6hnlich diese Freude. Franz und Katharinas Sohn Christian (2.3), der sogenannte ,,Botter-K\u00f6hler\u201d, wird Oma Riekes (3.2) Vater werden.<\/p>\n\n\n\n<div class=\"wp-block-button alignright\"><a class=\"wp-block-button__link\" href=\"https:\/\/familie-woehl.de\/?page_id=111\">n\u00e4chste Seite<\/a><\/div>\n","protected":false},"excerpt":{"rendered":"<p>Franz, geb. 17.12.1788, wird Kuhhirte auf dem Gutshof in Gro\u00df Br\u00fctz, 11 km westlich von Schwerin. Franz holt sich seine Katharina aus der etwa 20 km entfernten Stadt Rehna. Oma Rieke (3.2) sagt, da waren viele Kinder, und das musste auch so sein, denn der Gutsbesitzer verlangt, dass st\u00e4ndig ein \u201cHofg\u00e4nger\u201d gestellt wird. Das jeweils &hellip; <a href=\"https:\/\/familie-woehl.de\/?page_id=108\" class=\"more-link\"><span class=\"screen-reader-text\">Franz K\u00e4hler (1.5) und Katharina Voss (1.6)<\/span> weiterlesen<\/a><\/p>\n","protected":false},"author":1,"featured_media":509,"parent":0,"menu_order":0,"comment_status":"closed","ping_status":"open","template":"","meta":{"footnotes":""},"class_list":["post-108","page","type-page","status-publish","has-post-thumbnail","hentry"],"_links":{"self":[{"href":"https:\/\/familie-woehl.de\/index.php?rest_route=\/wp\/v2\/pages\/108","targetHints":{"allow":["GET"]}}],"collection":[{"href":"https:\/\/familie-woehl.de\/index.php?rest_route=\/wp\/v2\/pages"}],"about":[{"href":"https:\/\/familie-woehl.de\/index.php?rest_route=\/wp\/v2\/types\/page"}],"author":[{"embeddable":true,"href":"https:\/\/familie-woehl.de\/index.php?rest_route=\/wp\/v2\/users\/1"}],"replies":[{"embeddable":true,"href":"https:\/\/familie-woehl.de\/index.php?rest_route=%2Fwp%2Fv2%2Fcomments&post=108"}],"version-history":[{"count":6,"href":"https:\/\/familie-woehl.de\/index.php?rest_route=\/wp\/v2\/pages\/108\/revisions"}],"predecessor-version":[{"id":2666,"href":"https:\/\/familie-woehl.de\/index.php?rest_route=\/wp\/v2\/pages\/108\/revisions\/2666"}],"wp:featuredmedia":[{"embeddable":true,"href":"https:\/\/familie-woehl.de\/index.php?rest_route=\/wp\/v2\/media\/509"}],"wp:attachment":[{"href":"https:\/\/familie-woehl.de\/index.php?rest_route=%2Fwp%2Fv2%2Fmedia&parent=108"}],"curies":[{"name":"wp","href":"https:\/\/api.w.org\/{rel}","templated":true}]}}