{"id":111,"date":"2012-11-12T15:51:15","date_gmt":"2012-11-12T13:51:15","guid":{"rendered":"http:\/\/familie-woehl.de\/?page_id=111"},"modified":"2019-01-25T17:29:16","modified_gmt":"2019-01-25T17:29:16","slug":"franz-frentz-1-7-und-dorothea-muller-1-8","status":"publish","type":"page","link":"https:\/\/familie-woehl.de\/?page_id=111","title":{"rendered":"Franz Frentz (1.7) und Dorothea M\u00fcller (1.8)"},"content":{"rendered":"\n<p>Franz wird 1798 geboren. Wie Franz K\u00e4hler arbeitet er sp\u00e4ter als Hofknecht auf dem <a href=\"https:\/\/www.google.com\/maps\/uv?hl=de&amp;pb=!1s0x47adddd41d85e74d:0xede540660f97d4ea!2m22!2m2!1i80!2i80!3m1!2i20!16m16!1b1!2m2!1m1!1e1!2m2!1m1!1e3!2m2!1m1!1e5!2m2!1m1!1e4!2m2!1m1!1e6!3m1!7e115!4shttps:\/\/lh5.googleusercontent.com\/p\/AF1QipMzzOzP2lZz8S6E4RQv8Qy0BZ6f2A0VyR6Y04Vt%3Dw213-h160-k-no!5sgro%C3%9F+br%C3%BCtz+gutshaus+-+Google-Suche&amp;imagekey=!1e10!2sAF1QipMzzOzP2lZz8S6E4RQv8Qy0BZ6f2A0VyR6Y04Vt&amp;sa=X&amp;ved=2ahUKEwjjrPjQuYngAhUDJlAKHUNUC_EQoiowDnoECAYQBg\" target=\"_blank\" rel=\"noreferrer noopener\" aria-label=\"Gro\u00df Br\u00fctzer Gut (\u00f6ffnet in neuem Tab)\">Gro\u00df Br\u00fctzer Gut<\/a>. 25j\u00e4hrig heiratet er die zwei Jahre j\u00fcngere Dorothea M\u00fcller, ebenfalls aus Gro\u00df Br\u00fctz. Oma Rieke (3.3) wei\u00df nichts besonderes \u00fcber die beiden zu berichten. Wichtig ist f\u00fcr unsere Ahnenreihe, dass beider Tochter Maria (2.4) sp\u00e4ter die Frau von ,Botter-K\u00f6hler\u201d (2.5) wird. Oma Rieke schildert sie alle als gro\u00dfe, kr\u00e4ftige und auch charakterlich aufrechte Menschen. In der W\u00f6hl\/K\u00e4hler-Linie haben alle blaue Augen, w\u00e4hrend die Hinrichs\/Bertramsche Linie braun\u00e4ugig und relativ klein ist. Werfen wir anschlie\u00dfend einen Blick auf die Hinrichs und Bertrams:<\/p>\n\n\n\n<div class=\"wp-block-button alignright\"><a class=\"wp-block-button__link\" href=\"https:\/\/familie-woehl.de\/?page_id=114\">n\u00e4chste Seite<\/a><\/div>\n","protected":false},"excerpt":{"rendered":"<p>Franz wird 1798 geboren. Wie Franz K\u00e4hler arbeitet er sp\u00e4ter als Hofknecht auf dem Gro\u00df Br\u00fctzer Gut. 25j\u00e4hrig heiratet er die zwei Jahre j\u00fcngere Dorothea M\u00fcller, ebenfalls aus Gro\u00df Br\u00fctz. Oma Rieke (3.3) wei\u00df nichts besonderes \u00fcber die beiden zu berichten. Wichtig ist f\u00fcr unsere Ahnenreihe, dass beider Tochter Maria (2.4) sp\u00e4ter die Frau von &hellip; <a href=\"https:\/\/familie-woehl.de\/?page_id=111\" class=\"more-link\"><span class=\"screen-reader-text\">Franz Frentz (1.7) und Dorothea M\u00fcller (1.8)<\/span> weiterlesen<\/a><\/p>\n","protected":false},"author":1,"featured_media":2443,"parent":0,"menu_order":0,"comment_status":"closed","ping_status":"open","template":"","meta":{"footnotes":""},"class_list":["post-111","page","type-page","status-publish","has-post-thumbnail","hentry"],"_links":{"self":[{"href":"https:\/\/familie-woehl.de\/index.php?rest_route=\/wp\/v2\/pages\/111","targetHints":{"allow":["GET"]}}],"collection":[{"href":"https:\/\/familie-woehl.de\/index.php?rest_route=\/wp\/v2\/pages"}],"about":[{"href":"https:\/\/familie-woehl.de\/index.php?rest_route=\/wp\/v2\/types\/page"}],"author":[{"embeddable":true,"href":"https:\/\/familie-woehl.de\/index.php?rest_route=\/wp\/v2\/users\/1"}],"replies":[{"embeddable":true,"href":"https:\/\/familie-woehl.de\/index.php?rest_route=%2Fwp%2Fv2%2Fcomments&post=111"}],"version-history":[{"count":6,"href":"https:\/\/familie-woehl.de\/index.php?rest_route=\/wp\/v2\/pages\/111\/revisions"}],"predecessor-version":[{"id":2668,"href":"https:\/\/familie-woehl.de\/index.php?rest_route=\/wp\/v2\/pages\/111\/revisions\/2668"}],"wp:featuredmedia":[{"embeddable":true,"href":"https:\/\/familie-woehl.de\/index.php?rest_route=\/wp\/v2\/media\/2443"}],"wp:attachment":[{"href":"https:\/\/familie-woehl.de\/index.php?rest_route=%2Fwp%2Fv2%2Fmedia&parent=111"}],"curies":[{"name":"wp","href":"https:\/\/api.w.org\/{rel}","templated":true}]}}