{"id":181,"date":"2012-11-12T19:31:30","date_gmt":"2012-11-12T17:31:30","guid":{"rendered":"http:\/\/familie-woehl.de\/?page_id=181"},"modified":"2019-01-25T17:47:30","modified_gmt":"2019-01-25T17:47:30","slug":"ferdinand-schmiedeberg-2-11-und-caroline-kruger-2-12","status":"publish","type":"page","link":"https:\/\/familie-woehl.de\/?page_id=181","title":{"rendered":"August Ferdinand Schmiedeberg (2.11) und Caroline Kr\u00fcger (2.12)"},"content":{"rendered":"\n<p>Auch \u00fcber seine Gro\u00dfeltern m\u00fctterlicherseits wei\u00df Martin (4.5) nicht mehr als \u00fcber die v\u00e4terlichen: Es sind auch Fischer in <a href=\"http:\/\/de.wikipedia.org\/wiki\/Dziwn%C3%B3w\" target=\"_blank\" rel=\"noreferrer noopener\" aria-label=\" (\u00f6ffnet in neuem Tab)\">Westdievenow<\/a>. Man hat eine ganze Reihe Kinder, die ebenfalls in den harten Fischereiberuf hineinwachsen. Schon von Kind auf an lernen sie es, Netze zu flicken und Angeln herzurichten. Vater Martin (4.5) sagt, ein Fischer sollte nie schwimmen lernen. In Seenot h\u00e4tten die Fischer doch keine Rettung zu erhoffen. Schwimmen w\u00e4re dann unn\u00fctze Qu\u00e4lerei. So halten es die R\u00fcchels, Schmiedebergs und Kr\u00fcger und werden dabei doch alle ziemlich alt. Das harte Los z\u00fcchtet kraftvolle Gestalten, vor denen man sich f\u00fcrchten muss, wenn sie in Wut geraten, aber sonst haben sie Humor. <em>(Auch zu diesen Vorfahren konnte Hans-Dieter Wallschl\u00e4ger noch Geburtsdaten und ein weiteres Kind aus der Ehe, Wilhelm Friedrich Schmiedeberg * 30.11.1866,\u00a0 zuliefern.)<\/em><\/p>\n\n\n\n<div class=\"wp-block-button alignright\"><a class=\"wp-block-button__link\" href=\"https:\/\/familie-woehl.de\/?page_id=184\">n\u00e4chste Seite<\/a><\/div>\n","protected":false},"excerpt":{"rendered":"<p>Auch \u00fcber seine Gro\u00dfeltern m\u00fctterlicherseits wei\u00df Martin (4.5) nicht mehr als \u00fcber die v\u00e4terlichen: Es sind auch Fischer in Westdievenow. Man hat eine ganze Reihe Kinder, die ebenfalls in den harten Fischereiberuf hineinwachsen. Schon von Kind auf an lernen sie es, Netze zu flicken und Angeln herzurichten. Vater Martin (4.5) sagt, ein Fischer sollte nie &hellip; <a href=\"https:\/\/familie-woehl.de\/?page_id=181\" class=\"more-link\"><span class=\"screen-reader-text\">August Ferdinand Schmiedeberg (2.11) und Caroline Kr\u00fcger (2.12)<\/span> weiterlesen<\/a><\/p>\n","protected":false},"author":1,"featured_media":2498,"parent":0,"menu_order":0,"comment_status":"closed","ping_status":"open","template":"","meta":{"footnotes":""},"class_list":["post-181","page","type-page","status-publish","has-post-thumbnail","hentry"],"_links":{"self":[{"href":"https:\/\/familie-woehl.de\/index.php?rest_route=\/wp\/v2\/pages\/181","targetHints":{"allow":["GET"]}}],"collection":[{"href":"https:\/\/familie-woehl.de\/index.php?rest_route=\/wp\/v2\/pages"}],"about":[{"href":"https:\/\/familie-woehl.de\/index.php?rest_route=\/wp\/v2\/types\/page"}],"author":[{"embeddable":true,"href":"https:\/\/familie-woehl.de\/index.php?rest_route=\/wp\/v2\/users\/1"}],"replies":[{"embeddable":true,"href":"https:\/\/familie-woehl.de\/index.php?rest_route=%2Fwp%2Fv2%2Fcomments&post=181"}],"version-history":[{"count":7,"href":"https:\/\/familie-woehl.de\/index.php?rest_route=\/wp\/v2\/pages\/181\/revisions"}],"predecessor-version":[{"id":2684,"href":"https:\/\/familie-woehl.de\/index.php?rest_route=\/wp\/v2\/pages\/181\/revisions\/2684"}],"wp:featuredmedia":[{"embeddable":true,"href":"https:\/\/familie-woehl.de\/index.php?rest_route=\/wp\/v2\/media\/2498"}],"wp:attachment":[{"href":"https:\/\/familie-woehl.de\/index.php?rest_route=%2Fwp%2Fv2%2Fmedia&parent=181"}],"curies":[{"name":"wp","href":"https:\/\/api.w.org\/{rel}","templated":true}]}}