{"id":188,"date":"2012-11-12T19:37:44","date_gmt":"2012-11-12T17:37:44","guid":{"rendered":"http:\/\/familie-woehl.de\/?page_id=188"},"modified":"2019-01-25T17:48:40","modified_gmt":"2019-01-25T17:48:40","slug":"albert-treptow-2-15-und-albertine-scheunemann-2-16","status":"publish","type":"page","link":"https:\/\/familie-woehl.de\/?page_id=188","title":{"rendered":"Albert Treptow (2.15) und Albertine Scheunemann (2.16)"},"content":{"rendered":"\n<p>Albert w\u00e4chst in der B\u00fcdnerei seiner Eltern in <a rel=\"noreferrer noopener\" aria-label=\"S (\u00f6ffnet in neuem Tab)\" href=\"http:\/\/ueberlauf.com\/Ort_Saleske.html\" target=\"_blank\">S<\/a><a href=\"http:\/\/ueberlauf.com\/Ort_Saleske.html\" target=\"_blank\" rel=\"noreferrer noopener\" aria-label=\" (\u00f6ffnet in neuem Tab)\">aleske<\/a> auf und wird sie sp\u00e4ter einmal \u00fcbernehmen, wenn er heiratet. Dazu l\u00e4sst er sich Zeit, bis er 35 ist, und nimmt dann die 9 Jahre j\u00fcngere Albertine Scheunemann, ebenfalls aus Saleske, zur Frau. Sie wirtschaften, wie \u00fcberliefert ist, sehr gut und vererben dieses Talent in h\u00f6chstem Ma\u00dfe auf ihre Tochter Mathilde, die einmal die Frau des F\u00f6rsters August Stoeckmann (5.7) wird. Fast gleichzeitig sterben Albert mit 65 und Albertine mit 56 Jahren.<\/p>\n\n\n\n<p><em>Die obige Ansichtskarte stammt von der Internet-Seite  <br><a href=\"http:\/\/www.ueberlauf.com\/Ort_Saleske.html\" target=\"_blank\" rel=\"noreferrer noopener\" aria-label=\" (\u00f6ffnet in neuem Tab)\">\u00dcberlauf in Pommern &#8211; Saleske<\/a> , mit vielen Informationen \u00fcber Saleske und die Umgebung.<\/em><\/p>\n\n\n\n<div class=\"wp-block-button alignright\"><a class=\"wp-block-button__link\" href=\"https:\/\/familie-woehl.de\/?page_id=192\">n\u00e4chste Seite<\/a><\/div>\n","protected":false},"excerpt":{"rendered":"<p>Albert w\u00e4chst in der B\u00fcdnerei seiner Eltern in Saleske auf und wird sie sp\u00e4ter einmal \u00fcbernehmen, wenn er heiratet. Dazu l\u00e4sst er sich Zeit, bis er 35 ist, und nimmt dann die 9 Jahre j\u00fcngere Albertine Scheunemann, ebenfalls aus Saleske, zur Frau. Sie wirtschaften, wie \u00fcberliefert ist, sehr gut und vererben dieses Talent in h\u00f6chstem &hellip; <a href=\"https:\/\/familie-woehl.de\/?page_id=188\" class=\"more-link\"><span class=\"screen-reader-text\">Albert Treptow (2.15) und Albertine Scheunemann (2.16)<\/span> weiterlesen<\/a><\/p>\n","protected":false},"author":1,"featured_media":2501,"parent":0,"menu_order":0,"comment_status":"closed","ping_status":"open","template":"","meta":{"footnotes":""},"class_list":["post-188","page","type-page","status-publish","has-post-thumbnail","hentry"],"_links":{"self":[{"href":"https:\/\/familie-woehl.de\/index.php?rest_route=\/wp\/v2\/pages\/188","targetHints":{"allow":["GET"]}}],"collection":[{"href":"https:\/\/familie-woehl.de\/index.php?rest_route=\/wp\/v2\/pages"}],"about":[{"href":"https:\/\/familie-woehl.de\/index.php?rest_route=\/wp\/v2\/types\/page"}],"author":[{"embeddable":true,"href":"https:\/\/familie-woehl.de\/index.php?rest_route=\/wp\/v2\/users\/1"}],"replies":[{"embeddable":true,"href":"https:\/\/familie-woehl.de\/index.php?rest_route=%2Fwp%2Fv2%2Fcomments&post=188"}],"version-history":[{"count":7,"href":"https:\/\/familie-woehl.de\/index.php?rest_route=\/wp\/v2\/pages\/188\/revisions"}],"predecessor-version":[{"id":2686,"href":"https:\/\/familie-woehl.de\/index.php?rest_route=\/wp\/v2\/pages\/188\/revisions\/2686"}],"wp:featuredmedia":[{"embeddable":true,"href":"https:\/\/familie-woehl.de\/index.php?rest_route=\/wp\/v2\/media\/2501"}],"wp:attachment":[{"href":"https:\/\/familie-woehl.de\/index.php?rest_route=%2Fwp%2Fv2%2Fmedia&parent=188"}],"curies":[{"name":"wp","href":"https:\/\/api.w.org\/{rel}","templated":true}]}}