{"id":219,"date":"2012-11-13T16:45:12","date_gmt":"2012-11-13T14:45:12","guid":{"rendered":"http:\/\/familie-woehl.de\/?page_id=219"},"modified":"2019-01-25T18:29:20","modified_gmt":"2019-01-25T18:29:20","slug":"groselterngeneration-um-1900-4-1-4","status":"publish","type":"page","link":"https:\/\/familie-woehl.de\/?page_id=219","title":{"rendered":"Gro\u00dfeltern nach 1900 (4.1-4)"},"content":{"rendered":"\n<h4 class=\"wp-block-heading\">Die um 1900 geborene Generation<\/h4>\n\n\n\n<p>Die Gro\u00dfeltern von Kai, Rita und Jan:<\/p>\n\n\n\n<p class=\"has-small-font-size\"><em>Die Bilder zeigen die Gro\u00dfeltern-H\u00e4user in Schwerin und Saleskerstrand.<\/em><\/p>\n\n\n\n<figure class=\"wp-block-image\"><img loading=\"lazy\" decoding=\"async\" width=\"990\" height=\"653\" src=\"https:\/\/familie-woehl.de\/wp-content\/uploads\/2012\/11\/Haus_im_Winter1930.jpg\" alt=\"\" class=\"wp-image-742\" srcset=\"https:\/\/familie-woehl.de\/wp-content\/uploads\/2012\/11\/Haus_im_Winter1930.jpg 990w, https:\/\/familie-woehl.de\/wp-content\/uploads\/2012\/11\/Haus_im_Winter1930-150x98.jpg 150w, https:\/\/familie-woehl.de\/wp-content\/uploads\/2012\/11\/Haus_im_Winter1930-300x197.jpg 300w, https:\/\/familie-woehl.de\/wp-content\/uploads\/2012\/11\/Haus_im_Winter1930-624x411.jpg 624w\" sizes=\"auto, (max-width: 990px) 100vw, 990px\" \/><figcaption>Gro\u00dfelternhaus 1930<\/figcaption><\/figure>\n\n\n\n<div class=\"wp-block-button alignright\"><a class=\"wp-block-button__link\" href=\"https:\/\/familie-woehl.de\/?page_id=222\">n\u00e4chste Seite<\/a><\/div>\n","protected":false},"excerpt":{"rendered":"<p>Die um 1900 geborene Generation Die Gro\u00dfeltern von Kai, Rita und Jan: Die Bilder zeigen die Gro\u00dfeltern-H\u00e4user in Schwerin und Saleskerstrand.<\/p>\n","protected":false},"author":1,"featured_media":1235,"parent":0,"menu_order":0,"comment_status":"closed","ping_status":"open","template":"","meta":{"footnotes":""},"class_list":["post-219","page","type-page","status-publish","has-post-thumbnail","hentry"],"_links":{"self":[{"href":"https:\/\/familie-woehl.de\/index.php?rest_route=\/wp\/v2\/pages\/219","targetHints":{"allow":["GET"]}}],"collection":[{"href":"https:\/\/familie-woehl.de\/index.php?rest_route=\/wp\/v2\/pages"}],"about":[{"href":"https:\/\/familie-woehl.de\/index.php?rest_route=\/wp\/v2\/types\/page"}],"author":[{"embeddable":true,"href":"https:\/\/familie-woehl.de\/index.php?rest_route=\/wp\/v2\/users\/1"}],"replies":[{"embeddable":true,"href":"https:\/\/familie-woehl.de\/index.php?rest_route=%2Fwp%2Fv2%2Fcomments&post=219"}],"version-history":[{"count":12,"href":"https:\/\/familie-woehl.de\/index.php?rest_route=\/wp\/v2\/pages\/219\/revisions"}],"predecessor-version":[{"id":2701,"href":"https:\/\/familie-woehl.de\/index.php?rest_route=\/wp\/v2\/pages\/219\/revisions\/2701"}],"wp:featuredmedia":[{"embeddable":true,"href":"https:\/\/familie-woehl.de\/index.php?rest_route=\/wp\/v2\/media\/1235"}],"wp:attachment":[{"href":"https:\/\/familie-woehl.de\/index.php?rest_route=%2Fwp%2Fv2%2Fmedia&parent=219"}],"curies":[{"name":"wp","href":"https:\/\/api.w.org\/{rel}","templated":true}]}}