{"id":2936,"date":"2019-01-30T18:26:29","date_gmt":"2019-01-30T18:26:29","guid":{"rendered":"http:\/\/w\u00f6hl.de\/?page_id=2936"},"modified":"2023-01-29T16:16:52","modified_gmt":"2023-01-29T16:16:52","slug":"29-11-1944-von-mutter-bertha-an-annemarie","status":"publish","type":"page","link":"https:\/\/familie-woehl.de\/?page_id=2936","title":{"rendered":"29.11.1944 von Mutter Bertha an Annemarie"},"content":{"rendered":"<div class=\"wp-block-image\">\n<figure class=\"aligncenter\"><img loading=\"lazy\" decoding=\"async\" width=\"715\" height=\"1002\" src=\"https:\/\/familie-woehl.de\/wp-content\/uploads\/2013\/08\/441129Bertha1.jpg\" alt=\"\" class=\"wp-image-1176\" srcset=\"https:\/\/familie-woehl.de\/wp-content\/uploads\/2013\/08\/441129Bertha1.jpg 715w, https:\/\/familie-woehl.de\/wp-content\/uploads\/2013\/08\/441129Bertha1-107x150.jpg 107w, https:\/\/familie-woehl.de\/wp-content\/uploads\/2013\/08\/441129Bertha1-214x300.jpg 214w, https:\/\/familie-woehl.de\/wp-content\/uploads\/2013\/08\/441129Bertha1-624x874.jpg 624w\" sizes=\"auto, (max-width: 715px) 100vw, 715px\" \/><\/figure>\n<\/div>\n\n<div class=\"wp-block-image\">\n<figure class=\"aligncenter\"><img loading=\"lazy\" decoding=\"async\" width=\"715\" height=\"1002\" src=\"https:\/\/familie-woehl.de\/wp-content\/uploads\/2013\/08\/441129Bertha2.jpg\" alt=\"\" class=\"wp-image-1177\" srcset=\"https:\/\/familie-woehl.de\/wp-content\/uploads\/2013\/08\/441129Bertha2.jpg 715w, https:\/\/familie-woehl.de\/wp-content\/uploads\/2013\/08\/441129Bertha2-107x150.jpg 107w, https:\/\/familie-woehl.de\/wp-content\/uploads\/2013\/08\/441129Bertha2-214x300.jpg 214w, https:\/\/familie-woehl.de\/wp-content\/uploads\/2013\/08\/441129Bertha2-624x874.jpg 624w\" sizes=\"auto, (max-width: 715px) 100vw, 715px\" \/><\/figure>\n<\/div>\n\n\n<blockquote class=\"wp-block-quote is-layout-flow wp-block-quote-is-layout-flow\">\n<p> Mittwoch d. 29.11.44<\/p>\n\n\n\n<p><br>Mein Geliebtes!<br>2 Karten und Brief erfreuten mich heute ungemein.&nbsp;Herzlichen&nbsp;Dank mein Kind. Der Brief war offen, das&nbsp;wunderh\u00fcbsche&nbsp;Bild Gott Lob drin. So nett und nat\u00fcrlich siehst du auf keinem Bilde aus und dein Kamerad auch so lieb.Es machte wohl das Gl\u00fcck, das Ihr beide so gut getroffen seid. Darf ich es aufstellen? An Herrn W\u00f6hl sende ich ein P\u00e4ckchen in deinem Namen. Was steht uns noch bevor geliebtes Kind? Bis 11 Uhr waren wir bei&nbsp;<em>Fanks<\/em>. Nachmittags war ich im Walde und l\u00f6ste Papa ab im Holzschlag. Davon tun mir die Arme weh. Immer wieder bin ich so froh das du nicht hier auf dem Strande geblieben bist. Diese M\u00e4dchen f\u00fchlen sich hier sehr wohl, nur eine Moral herrscht, die einen ersch\u00fcttert. Brunhild tut mir immer leid, da\u00df sie ihre besten Jahre hier verleben mu\u00df. Miekelein, sei deiner Mutter nicht b\u00f6se das ich heute am Freitag Morgen erst wieder schreibe, ich konnte einfach nicht. Gestern schlachteten wir Beckmanns G\u00e4nse, von 2 Uhr bis 10 Uhr waren wir dort. Nun stand ich heute Morgen um 5 Uhr auf packte f\u00fcr dich ein P\u00e4ckchen und schrieb diesen Brief fertig. Ich lege dir 2 braune Marken ein, schickst du an Herrn W\u00f6hl 2 P\u00e4ckchen 100 gr. Pol\u2026 Paul lie\u00df mir keine gr\u00fcne Marke ab. Von Ernst, die sandte ich an den Jungen. Diese Marken gab Eva mir. Nun wird es dir nicht recht sein. Mir selber tut es auch leid. Leb wohl! Gott besch\u00fctze dich. In Liebe gr\u00fc\u00dft dich deine Mutter<br>Ernst schrieb doch letztes Mal vom 16. d. M. <\/p>\n<\/blockquote>\n\n\n\n<div class=\"wp-block-button alignright\"><a class=\"wp-block-button__link wp-element-button\" href=\"https:\/\/familie-woehl.de\/?page_id=2942\">Brief vom 25.12.44<\/a><\/div>\n\n\n\n<div class=\"wp-block-button\"><a class=\"wp-block-button__link\" href=\"https:\/\/familie-woehl.de\/?page_id=2928\">zur Briefe-\u00dcbersicht<\/a><\/div>\n","protected":false},"excerpt":{"rendered":"<p>Mittwoch d. 29.11.44 Mein Geliebtes!2 Karten und Brief erfreuten mich heute ungemein.&nbsp;Herzlichen&nbsp;Dank mein Kind. Der Brief war offen, das&nbsp;wunderh\u00fcbsche&nbsp;Bild Gott Lob drin. So nett und nat\u00fcrlich siehst du auf keinem Bilde aus und dein Kamerad auch so lieb.Es machte wohl das Gl\u00fcck, das Ihr beide so gut getroffen seid. Darf ich es aufstellen? An Herrn &hellip; <a href=\"https:\/\/familie-woehl.de\/?page_id=2936\" class=\"more-link\"><span class=\"screen-reader-text\">29.11.1944 von Mutter Bertha an Annemarie<\/span> weiterlesen<\/a><\/p>\n","protected":false},"author":1,"featured_media":0,"parent":2928,"menu_order":0,"comment_status":"closed","ping_status":"closed","template":"","meta":{"footnotes":""},"class_list":["post-2936","page","type-page","status-publish","hentry"],"_links":{"self":[{"href":"https:\/\/familie-woehl.de\/index.php?rest_route=\/wp\/v2\/pages\/2936","targetHints":{"allow":["GET"]}}],"collection":[{"href":"https:\/\/familie-woehl.de\/index.php?rest_route=\/wp\/v2\/pages"}],"about":[{"href":"https:\/\/familie-woehl.de\/index.php?rest_route=\/wp\/v2\/types\/page"}],"author":[{"embeddable":true,"href":"https:\/\/familie-woehl.de\/index.php?rest_route=\/wp\/v2\/users\/1"}],"replies":[{"embeddable":true,"href":"https:\/\/familie-woehl.de\/index.php?rest_route=%2Fwp%2Fv2%2Fcomments&post=2936"}],"version-history":[{"count":6,"href":"https:\/\/familie-woehl.de\/index.php?rest_route=\/wp\/v2\/pages\/2936\/revisions"}],"predecessor-version":[{"id":4431,"href":"https:\/\/familie-woehl.de\/index.php?rest_route=\/wp\/v2\/pages\/2936\/revisions\/4431"}],"up":[{"embeddable":true,"href":"https:\/\/familie-woehl.de\/index.php?rest_route=\/wp\/v2\/pages\/2928"}],"wp:attachment":[{"href":"https:\/\/familie-woehl.de\/index.php?rest_route=%2Fwp%2Fv2%2Fmedia&parent=2936"}],"curies":[{"name":"wp","href":"https:\/\/api.w.org\/{rel}","templated":true}]}}

http://wöhl.de/?page_id=2936

<div class="wp-block-image">
<figure class="aligncenter"><img loading="lazy" decoding="async" width="715" height="1002" src="https://familie-woehl.de/wp-content/uploads/2013/08/441129Bertha1.jpg" alt="" class="wp-image-1176" srcset="https://familie-woehl.de/wp-content/uploads/2013/08/441129Bertha1.jpg 715w, https://familie-woehl.de/wp-content/uploads/2013/08/441129Bertha1-107x150.jpg 107w, https://familie-woehl.de/wp-content/uploads/2013/08/441129Bertha1-214x300.jpg 214w, https://familie-woehl.de/wp-content/uploads/2013/08/441129Bertha1-624x874.jpg 624w" sizes="auto, (max-width: 715px) 100vw, 715px" /></figure>
</div>

<div class="wp-block-image">
<figure class="aligncenter"><img loading="lazy" decoding="async" width="715" height="1002" src="https://familie-woehl.de/wp-content/uploads/2013/08/441129Bertha2.jpg" alt="" class="wp-image-1177" srcset="https://familie-woehl.de/wp-content/uploads/2013/08/441129Bertha2.jpg 715w, https://familie-woehl.de/wp-content/uploads/2013/08/441129Bertha2-107x150.jpg 107w, https://familie-woehl.de/wp-content/uploads/2013/08/441129Bertha2-214x300.jpg 214w, https://familie-woehl.de/wp-content/uploads/2013/08/441129Bertha2-624x874.jpg 624w" sizes="auto, (max-width: 715px) 100vw, 715px" /></figure>
</div>


<blockquote class="wp-block-quote is-layout-flow wp-block-quote-is-layout-flow">
<p> Mittwoch d. 29.11.44</p>



<p><br>Mein Geliebtes!<br>2 Karten und Brief erfreuten mich heute ungemein.&nbsp;Herzlichen&nbsp;Dank mein Kind. Der Brief war offen, das&nbsp;wunderhübsche&nbsp;Bild Gott Lob drin. So nett und natürlich siehst du auf keinem Bilde aus und dein Kamerad auch so lieb.Es machte wohl das Glück, das Ihr beide so gut getroffen seid. Darf ich es aufstellen? An Herrn Wöhl sende ich ein Päckchen in deinem Namen. Was steht uns noch bevor geliebtes Kind? Bis 11 Uhr waren wir bei&nbsp;<em>Fanks</em>. Nachmittags war ich im Walde und löste Papa ab im Holzschlag. Davon tun mir die Arme weh. Immer wieder bin ich so froh das du nicht hier auf dem Strande geblieben bist. Diese Mädchen fühlen sich hier sehr wohl, nur eine Moral herrscht, die einen erschüttert. Brunhild tut mir immer leid, daß sie ihre besten Jahre hier verleben muß. Miekelein, sei deiner Mutter nicht böse das ich heute am Freitag Morgen erst wieder schreibe, ich konnte einfach nicht. Gestern schlachteten wir Beckmanns Gänse, von 2 Uhr bis 10 Uhr waren wir dort. Nun stand ich heute Morgen um 5 Uhr auf packte für dich ein Päckchen und schrieb diesen Brief fertig. Ich lege dir 2 braune Marken ein, schickst du an Herrn Wöhl 2 Päckchen 100 gr. Pol… Paul ließ mir keine grüne Marke ab. Von Ernst, die sandte ich an den Jungen. Diese Marken gab Eva mir. Nun wird es dir nicht recht sein. Mir selber tut es auch leid. Leb wohl! Gott beschütze dich. In Liebe grüßt dich deine Mutter<br>Ernst schrieb doch letztes Mal vom 16. d. M. </p>
</blockquote>



<div class="wp-block-button alignright"><a class="wp-block-button__link wp-element-button" href="https://familie-woehl.de/?page_id=2942">Brief vom 25.12.44</a></div>



<div class="wp-block-button"><a class="wp-block-button__link" href="https://familie-woehl.de/?page_id=2928">zur Briefe-Übersicht</a></div>

<p>Mittwoch d. 29.11.44 Mein Geliebtes!2 Karten und Brief erfreuten mich heute ungemein.&nbsp;Herzlichen&nbsp;Dank mein Kind. Der Brief war offen, das&nbsp;wunderhübsche&nbsp;Bild Gott Lob drin. So nett und natürlich siehst du auf keinem Bilde aus und dein Kamerad auch so lieb.Es machte wohl das Glück, das Ihr beide so gut getroffen seid. Darf ich es aufstellen? An Herrn &hellip; <a href="https://familie-woehl.de/?page_id=2936" class="more-link"><span class="screen-reader-text">29.11.1944 von Mutter Bertha an Annemarie</span> weiterlesen</a></p>
