{"id":2948,"date":"2019-01-30T18:44:12","date_gmt":"2019-01-30T18:44:12","guid":{"rendered":"http:\/\/w\u00f6hl.de\/?page_id=2948"},"modified":"2023-01-29T16:50:25","modified_gmt":"2023-01-29T16:50:25","slug":"8-1-1945-bertha-an-schwester-frieda","status":"publish","type":"page","link":"https:\/\/familie-woehl.de\/?page_id=2948","title":{"rendered":"8.1.1945 Bertha an Schwester Frieda"},"content":{"rendered":"<div class=\"wp-block-image\">\n<figure class=\"aligncenter\"><img loading=\"lazy\" decoding=\"async\" width=\"713\" height=\"1024\" src=\"https:\/\/familie-woehl.de\/wp-content\/uploads\/2013\/08\/450108bertha1-713x1024.jpg\" alt=\"\" class=\"wp-image-1055\" srcset=\"https:\/\/familie-woehl.de\/wp-content\/uploads\/2013\/08\/450108bertha1-713x1024.jpg 713w, https:\/\/familie-woehl.de\/wp-content\/uploads\/2013\/08\/450108bertha1-104x150.jpg 104w, https:\/\/familie-woehl.de\/wp-content\/uploads\/2013\/08\/450108bertha1-208x300.jpg 208w, https:\/\/familie-woehl.de\/wp-content\/uploads\/2013\/08\/450108bertha1-624x896.jpg 624w, https:\/\/familie-woehl.de\/wp-content\/uploads\/2013\/08\/450108bertha1.jpg 828w\" sizes=\"auto, (max-width: 713px) 100vw, 713px\" \/><\/figure>\n<\/div>\n\n<div class=\"wp-block-image\">\n<figure class=\"aligncenter\"><img loading=\"lazy\" decoding=\"async\" width=\"732\" height=\"1024\" src=\"https:\/\/familie-woehl.de\/wp-content\/uploads\/2013\/08\/450108bertha2-732x1024.jpg\" alt=\"\" class=\"wp-image-1056\" srcset=\"https:\/\/familie-woehl.de\/wp-content\/uploads\/2013\/08\/450108bertha2-732x1024.jpg 732w, https:\/\/familie-woehl.de\/wp-content\/uploads\/2013\/08\/450108bertha2-107x150.jpg 107w, https:\/\/familie-woehl.de\/wp-content\/uploads\/2013\/08\/450108bertha2-214x300.jpg 214w, https:\/\/familie-woehl.de\/wp-content\/uploads\/2013\/08\/450108bertha2.jpg 838w\" sizes=\"auto, (max-width: 732px) 100vw, 732px\" \/><\/figure>\n<\/div>\n\n\n<blockquote class=\"wp-block-quote is-layout-flow wp-block-quote-is-layout-flow\">\n<p>Salesker-Strand vom 8.1.45<\/p>\n\n\n\n<p><br>Meine liebe gute Schwester,<br>Inzwischen wirst du ja auch meinen Brief erhalten haben! Heute bekam ich von dir und Annemarie einen lieben langen Brief. Dir danke ich so recht von Herzen f\u00fcr deine mir so wohltuenden Zeilen, deinem Annemielein danke ich auch sehr f\u00fcr ihre ausf\u00fchrliche Schilderung. Heute kam ein Brief vom 15. Nov. zur\u00fcck, so fast alle Tage. Manchmal wird mir so Angst, das ich nicht wei\u00df wohin. Wenn mir das Schicksal den letzten Jungen nimmt, dann wei\u00df ich nicht. Annemarie schreibt auch es ist dauernd Alarm, sie\u00a0f\u00fcrchten einen Angriff. Friedchen, wenn ich ehrlich sein will ich habe keine Weihnachtsstimmung gesp\u00fcrt, es machte wohl das Einsame um mich.\u00a0 Sylvester ging Martin und ich um 8 Uhr ins Bett. Das M\u00e4dchen ging schon \u00a0Sonnabend nach Hause. Ich hatte solche Schmerzen im Munde und Kopf. 5 Z\u00e4hne wurden mir gezogen,\u00a0 ein Stuben brach zweimal ab. Nun kann ich so schlecht essen. Neujahr waren wir auch allein. Wir sind nirgends gewesen. Mittwoch will ich mit Frau Fank mitfahren nach Saleske. Dann will ich zu Tante Anna heran gehen. Ich\u00a0freue\u00a0mich mit euch \u00fcber Euer Fr\u00f6hlichsein. Es ist die k\u00f6stlichste Zeit, wenn man die Kinder um sich hat. Annemarie kommt \u00fcber 14 Tage zu Besuch. Das sind dann die Festtage. Sonntag schlachten wir unser Schweinchen. Heute kaufte ich mir noch 4 Ztnr. von gefrorenen Kartoffeln. Sonst h\u00e4tte ich bei die\u00a0Miete gehen m\u00fcssen. Du schreibst noch vom armseligen Paket und das barg so viel wunderbares das ich \u00fcbergl\u00fccklich war. Annemarie hast du auch so beschenkt und ich kann alles nur mit einem einfachen Dankesch\u00f6n quittieren. Mir tut es nur so leid das unser Jung nicht ein P\u00e4ckchen bekommen hat, alles erfreut andere, ich g\u00f6nne es ihnen. wenn ich nur w\u00fc\u00dfte wo mein Jung w\u00e4re. Leb wohl! Gott besch\u00fctze dich und dein Haus.<br>Es war vor 2 Jahren eine k\u00f6stliche Woche bei Dir und den Deinen. Gott vergelte es euch. <\/p>\n<\/blockquote>\n\n\n\n<div class=\"wp-block-button alignright\"><a class=\"wp-block-button__link wp-element-button\" href=\"https:\/\/familie-woehl.de\/?page_id=2960\">Brief vom 10.01.45<\/a><\/div>\n\n\n\n<div class=\"wp-block-button\"><a class=\"wp-block-button__link\" href=\"https:\/\/familie-woehl.de\/?page_id=2928\">zur Briefe-\u00dcbersicht<\/a><\/div>\n","protected":false},"excerpt":{"rendered":"<p>Salesker-Strand vom 8.1.45 Meine liebe gute Schwester,Inzwischen wirst du ja auch meinen Brief erhalten haben! Heute bekam ich von dir und Annemarie einen lieben langen Brief. Dir danke ich so recht von Herzen f\u00fcr deine mir so wohltuenden Zeilen, deinem Annemielein danke ich auch sehr f\u00fcr ihre ausf\u00fchrliche Schilderung. Heute kam ein Brief vom 15. &hellip; <a href=\"https:\/\/familie-woehl.de\/?page_id=2948\" class=\"more-link\"><span class=\"screen-reader-text\">8.1.1945 Bertha an Schwester Frieda<\/span> weiterlesen<\/a><\/p>\n","protected":false},"author":1,"featured_media":0,"parent":2928,"menu_order":0,"comment_status":"closed","ping_status":"closed","template":"","meta":{"footnotes":""},"class_list":["post-2948","page","type-page","status-publish","hentry"],"_links":{"self":[{"href":"https:\/\/familie-woehl.de\/index.php?rest_route=\/wp\/v2\/pages\/2948","targetHints":{"allow":["GET"]}}],"collection":[{"href":"https:\/\/familie-woehl.de\/index.php?rest_route=\/wp\/v2\/pages"}],"about":[{"href":"https:\/\/familie-woehl.de\/index.php?rest_route=\/wp\/v2\/types\/page"}],"author":[{"embeddable":true,"href":"https:\/\/familie-woehl.de\/index.php?rest_route=\/wp\/v2\/users\/1"}],"replies":[{"embeddable":true,"href":"https:\/\/familie-woehl.de\/index.php?rest_route=%2Fwp%2Fv2%2Fcomments&post=2948"}],"version-history":[{"count":4,"href":"https:\/\/familie-woehl.de\/index.php?rest_route=\/wp\/v2\/pages\/2948\/revisions"}],"predecessor-version":[{"id":4433,"href":"https:\/\/familie-woehl.de\/index.php?rest_route=\/wp\/v2\/pages\/2948\/revisions\/4433"}],"up":[{"embeddable":true,"href":"https:\/\/familie-woehl.de\/index.php?rest_route=\/wp\/v2\/pages\/2928"}],"wp:attachment":[{"href":"https:\/\/familie-woehl.de\/index.php?rest_route=%2Fwp%2Fv2%2Fmedia&parent=2948"}],"curies":[{"name":"wp","href":"https:\/\/api.w.org\/{rel}","templated":true}]}}

http://wöhl.de/?page_id=2948

<div class="wp-block-image">
<figure class="aligncenter"><img loading="lazy" decoding="async" width="713" height="1024" src="https://familie-woehl.de/wp-content/uploads/2013/08/450108bertha1-713x1024.jpg" alt="" class="wp-image-1055" srcset="https://familie-woehl.de/wp-content/uploads/2013/08/450108bertha1-713x1024.jpg 713w, https://familie-woehl.de/wp-content/uploads/2013/08/450108bertha1-104x150.jpg 104w, https://familie-woehl.de/wp-content/uploads/2013/08/450108bertha1-208x300.jpg 208w, https://familie-woehl.de/wp-content/uploads/2013/08/450108bertha1-624x896.jpg 624w, https://familie-woehl.de/wp-content/uploads/2013/08/450108bertha1.jpg 828w" sizes="auto, (max-width: 713px) 100vw, 713px" /></figure>
</div>

<div class="wp-block-image">
<figure class="aligncenter"><img loading="lazy" decoding="async" width="732" height="1024" src="https://familie-woehl.de/wp-content/uploads/2013/08/450108bertha2-732x1024.jpg" alt="" class="wp-image-1056" srcset="https://familie-woehl.de/wp-content/uploads/2013/08/450108bertha2-732x1024.jpg 732w, https://familie-woehl.de/wp-content/uploads/2013/08/450108bertha2-107x150.jpg 107w, https://familie-woehl.de/wp-content/uploads/2013/08/450108bertha2-214x300.jpg 214w, https://familie-woehl.de/wp-content/uploads/2013/08/450108bertha2.jpg 838w" sizes="auto, (max-width: 732px) 100vw, 732px" /></figure>
</div>


<blockquote class="wp-block-quote is-layout-flow wp-block-quote-is-layout-flow">
<p>Salesker-Strand vom 8.1.45</p>



<p><br>Meine liebe gute Schwester,<br>Inzwischen wirst du ja auch meinen Brief erhalten haben! Heute bekam ich von dir und Annemarie einen lieben langen Brief. Dir danke ich so recht von Herzen für deine mir so wohltuenden Zeilen, deinem Annemielein danke ich auch sehr für ihre ausführliche Schilderung. Heute kam ein Brief vom 15. Nov. zurück, so fast alle Tage. Manchmal wird mir so Angst, das ich nicht weiß wohin. Wenn mir das Schicksal den letzten Jungen nimmt, dann weiß ich nicht. Annemarie schreibt auch es ist dauernd Alarm, sie fürchten einen Angriff. Friedchen, wenn ich ehrlich sein will ich habe keine Weihnachtsstimmung gespürt, es machte wohl das Einsame um mich.  Sylvester ging Martin und ich um 8 Uhr ins Bett. Das Mädchen ging schon  Sonnabend nach Hause. Ich hatte solche Schmerzen im Munde und Kopf. 5 Zähne wurden mir gezogen,  ein Stuben brach zweimal ab. Nun kann ich so schlecht essen. Neujahr waren wir auch allein. Wir sind nirgends gewesen. Mittwoch will ich mit Frau Fank mitfahren nach Saleske. Dann will ich zu Tante Anna heran gehen. Ich freue mich mit euch über Euer Fröhlichsein. Es ist die köstlichste Zeit, wenn man die Kinder um sich hat. Annemarie kommt über 14 Tage zu Besuch. Das sind dann die Festtage. Sonntag schlachten wir unser Schweinchen. Heute kaufte ich mir noch 4 Ztnr. von gefrorenen Kartoffeln. Sonst hätte ich bei die Miete gehen müssen. Du schreibst noch vom armseligen Paket und das barg so viel wunderbares das ich überglücklich war. Annemarie hast du auch so beschenkt und ich kann alles nur mit einem einfachen Dankeschön quittieren. Mir tut es nur so leid das unser Jung nicht ein Päckchen bekommen hat, alles erfreut andere, ich gönne es ihnen. wenn ich nur wüßte wo mein Jung wäre. Leb wohl! Gott beschütze dich und dein Haus.<br>Es war vor 2 Jahren eine köstliche Woche bei Dir und den Deinen. Gott vergelte es euch. </p>
</blockquote>



<div class="wp-block-button alignright"><a class="wp-block-button__link wp-element-button" href="https://familie-woehl.de/?page_id=2960">Brief vom 10.01.45</a></div>



<div class="wp-block-button"><a class="wp-block-button__link" href="https://familie-woehl.de/?page_id=2928">zur Briefe-Übersicht</a></div>

<p>Salesker-Strand vom 8.1.45 Meine liebe gute Schwester,Inzwischen wirst du ja auch meinen Brief erhalten haben! Heute bekam ich von dir und Annemarie einen lieben langen Brief. Dir danke ich so recht von Herzen für deine mir so wohltuenden Zeilen, deinem Annemielein danke ich auch sehr für ihre ausführliche Schilderung. Heute kam ein Brief vom 15. &hellip; <a href="https://familie-woehl.de/?page_id=2948" class="more-link"><span class="screen-reader-text">8.1.1945 Bertha an Schwester Frieda</span> weiterlesen</a></p>
