{"id":2966,"date":"2019-01-31T13:41:24","date_gmt":"2019-01-31T13:41:24","guid":{"rendered":"http:\/\/w\u00f6hl.de\/?page_id=2966"},"modified":"2023-01-29T16:53:06","modified_gmt":"2023-01-29T16:53:06","slug":"7-2-1945-mutter-bertha-an-annemarie","status":"publish","type":"page","link":"https:\/\/familie-woehl.de\/?page_id=2966","title":{"rendered":"7.2.1945 Mutter Bertha an Annemarie"},"content":{"rendered":"<div class=\"wp-block-image\">\n<figure class=\"aligncenter\"><img loading=\"lazy\" decoding=\"async\" width=\"620\" height=\"865\" src=\"https:\/\/familie-woehl.de\/wp-content\/uploads\/2013\/08\/450207bertha1.jpg\" alt=\"\" class=\"wp-image-1052\" srcset=\"https:\/\/familie-woehl.de\/wp-content\/uploads\/2013\/08\/450207bertha1.jpg 620w, https:\/\/familie-woehl.de\/wp-content\/uploads\/2013\/08\/450207bertha1-107x150.jpg 107w, https:\/\/familie-woehl.de\/wp-content\/uploads\/2013\/08\/450207bertha1-215x300.jpg 215w\" sizes=\"auto, (max-width: 620px) 100vw, 620px\" \/><\/figure>\n<\/div>\n\n<div class=\"wp-block-image\">\n<figure class=\"aligncenter\"><img loading=\"lazy\" decoding=\"async\" width=\"608\" height=\"862\" src=\"https:\/\/familie-woehl.de\/wp-content\/uploads\/2013\/08\/450207bertha2.jpg\" alt=\"\" class=\"wp-image-1053\" srcset=\"https:\/\/familie-woehl.de\/wp-content\/uploads\/2013\/08\/450207bertha2.jpg 608w, https:\/\/familie-woehl.de\/wp-content\/uploads\/2013\/08\/450207bertha2-105x150.jpg 105w, https:\/\/familie-woehl.de\/wp-content\/uploads\/2013\/08\/450207bertha2-211x300.jpg 211w\" sizes=\"auto, (max-width: 608px) 100vw, 608px\" \/><\/figure>\n<\/div>\n\n\n<blockquote class=\"wp-block-quote is-layout-flow wp-block-quote-is-layout-flow\">\n<p> Mittwoch, d. 7.2.45<\/p>\n\n\n\n<p><br>Mein mir so fernes Kind!<br>Mich verzehrt die Angst und Unruhe \u00fcber dich geliebtes Kind. Nicht ein Lebenszeichen von dir. Gertrud Meyer aus Saleske ist schon hier, kam auch aus Stettin. Miekelein kannst du nicht kommen? Das wir doch in den schwersten Stunden die \u00fcber uns kommen zusammen sind. Ich gebe diesen Brief mit nach dem Schie\u00dfplatz. Von hier bekomme ich keine Post weg. Nach Schlawe f\u00e4hrt gar kein Zug. Gestern Abend bekam ich solche Angst, ich ging in den Wald bis zum Richtsteig und dachte du m\u00fcsstest kommen. Papa kam totkrank zur\u00fcck vom Volkssturm, er ist wieder aufgerufen, aber er kann nicht. Miekelein du bist nun noch allein und sollt ich dich auch nicht mehr sehen? Beh\u00fcte dich Gott mein geliebtes Kind, schreibe wenn es geht. Es k\u00fcsst dich innig deine Mutter.<br>Papa sagt, du sollst zu Fu\u00df los wandern.<br><br> <\/p>\n<\/blockquote>\n\n\n\n<div class=\"wp-block-button\"><a class=\"wp-block-button__link\" href=\"https:\/\/familie-woehl.de\/?page_id=2928\">zur Briefe-\u00dcbersicht<\/a><\/div>\n\n\n","protected":false},"excerpt":{"rendered":"<p>Mittwoch, d. 7.2.45 Mein mir so fernes Kind!Mich verzehrt die Angst und Unruhe \u00fcber dich geliebtes Kind. Nicht ein Lebenszeichen von dir. Gertrud Meyer aus Saleske ist schon hier, kam auch aus Stettin. Miekelein kannst du nicht kommen? Das wir doch in den schwersten Stunden die \u00fcber uns kommen zusammen sind. Ich gebe diesen Brief &hellip; <a href=\"https:\/\/familie-woehl.de\/?page_id=2966\" class=\"more-link\"><span class=\"screen-reader-text\">7.2.1945 Mutter Bertha an Annemarie<\/span> weiterlesen<\/a><\/p>\n","protected":false},"author":1,"featured_media":0,"parent":2928,"menu_order":0,"comment_status":"closed","ping_status":"closed","template":"","meta":{"footnotes":""},"class_list":["post-2966","page","type-page","status-publish","hentry"],"_links":{"self":[{"href":"https:\/\/familie-woehl.de\/index.php?rest_route=\/wp\/v2\/pages\/2966","targetHints":{"allow":["GET"]}}],"collection":[{"href":"https:\/\/familie-woehl.de\/index.php?rest_route=\/wp\/v2\/pages"}],"about":[{"href":"https:\/\/familie-woehl.de\/index.php?rest_route=\/wp\/v2\/types\/page"}],"author":[{"embeddable":true,"href":"https:\/\/familie-woehl.de\/index.php?rest_route=\/wp\/v2\/users\/1"}],"replies":[{"embeddable":true,"href":"https:\/\/familie-woehl.de\/index.php?rest_route=%2Fwp%2Fv2%2Fcomments&post=2966"}],"version-history":[{"count":3,"href":"https:\/\/familie-woehl.de\/index.php?rest_route=\/wp\/v2\/pages\/2966\/revisions"}],"predecessor-version":[{"id":4435,"href":"https:\/\/familie-woehl.de\/index.php?rest_route=\/wp\/v2\/pages\/2966\/revisions\/4435"}],"up":[{"embeddable":true,"href":"https:\/\/familie-woehl.de\/index.php?rest_route=\/wp\/v2\/pages\/2928"}],"wp:attachment":[{"href":"https:\/\/familie-woehl.de\/index.php?rest_route=%2Fwp%2Fv2%2Fmedia&parent=2966"}],"curies":[{"name":"wp","href":"https:\/\/api.w.org\/{rel}","templated":true}]}}

http://wöhl.de/?page_id=2966

<div class="wp-block-image">
<figure class="aligncenter"><img loading="lazy" decoding="async" width="620" height="865" src="https://familie-woehl.de/wp-content/uploads/2013/08/450207bertha1.jpg" alt="" class="wp-image-1052" srcset="https://familie-woehl.de/wp-content/uploads/2013/08/450207bertha1.jpg 620w, https://familie-woehl.de/wp-content/uploads/2013/08/450207bertha1-107x150.jpg 107w, https://familie-woehl.de/wp-content/uploads/2013/08/450207bertha1-215x300.jpg 215w" sizes="auto, (max-width: 620px) 100vw, 620px" /></figure>
</div>

<div class="wp-block-image">
<figure class="aligncenter"><img loading="lazy" decoding="async" width="608" height="862" src="https://familie-woehl.de/wp-content/uploads/2013/08/450207bertha2.jpg" alt="" class="wp-image-1053" srcset="https://familie-woehl.de/wp-content/uploads/2013/08/450207bertha2.jpg 608w, https://familie-woehl.de/wp-content/uploads/2013/08/450207bertha2-105x150.jpg 105w, https://familie-woehl.de/wp-content/uploads/2013/08/450207bertha2-211x300.jpg 211w" sizes="auto, (max-width: 608px) 100vw, 608px" /></figure>
</div>


<blockquote class="wp-block-quote is-layout-flow wp-block-quote-is-layout-flow">
<p> Mittwoch, d. 7.2.45</p>



<p><br>Mein mir so fernes Kind!<br>Mich verzehrt die Angst und Unruhe über dich geliebtes Kind. Nicht ein Lebenszeichen von dir. Gertrud Meyer aus Saleske ist schon hier, kam auch aus Stettin. Miekelein kannst du nicht kommen? Das wir doch in den schwersten Stunden die über uns kommen zusammen sind. Ich gebe diesen Brief mit nach dem Schießplatz. Von hier bekomme ich keine Post weg. Nach Schlawe fährt gar kein Zug. Gestern Abend bekam ich solche Angst, ich ging in den Wald bis zum Richtsteig und dachte du müsstest kommen. Papa kam totkrank zurück vom Volkssturm, er ist wieder aufgerufen, aber er kann nicht. Miekelein du bist nun noch allein und sollt ich dich auch nicht mehr sehen? Behüte dich Gott mein geliebtes Kind, schreibe wenn es geht. Es küsst dich innig deine Mutter.<br>Papa sagt, du sollst zu Fuß los wandern.<br><br> </p>
</blockquote>



<div class="wp-block-button"><a class="wp-block-button__link" href="https://familie-woehl.de/?page_id=2928">zur Briefe-Übersicht</a></div>

<p>Mittwoch, d. 7.2.45 Mein mir so fernes Kind!Mich verzehrt die Angst und Unruhe über dich geliebtes Kind. Nicht ein Lebenszeichen von dir. Gertrud Meyer aus Saleske ist schon hier, kam auch aus Stettin. Miekelein kannst du nicht kommen? Das wir doch in den schwersten Stunden die über uns kommen zusammen sind. Ich gebe diesen Brief &hellip; <a href="https://familie-woehl.de/?page_id=2966" class="more-link"><span class="screen-reader-text">7.2.1945 Mutter Bertha an Annemarie</span> weiterlesen</a></p>
