{"id":3013,"date":"2019-01-31T18:45:51","date_gmt":"2019-01-31T18:45:51","guid":{"rendered":"http:\/\/w\u00f6hl.de\/?page_id=3013"},"modified":"2023-01-29T17:05:43","modified_gmt":"2023-01-29T17:05:43","slug":"19-1-1946-brief-von-tante-frieda-an-annemarie","status":"publish","type":"page","link":"https:\/\/familie-woehl.de\/?page_id=3013","title":{"rendered":"19.1.1946 Brief von Tante Frieda an Annemarie"},"content":{"rendered":"\n<figure class=\"wp-block-image\"><img loading=\"lazy\" decoding=\"async\" width=\"713\" height=\"1008\" src=\"https:\/\/familie-woehl.de\/wp-content\/uploads\/2013\/10\/460119Frieda1.jpg\" alt=\"\" class=\"wp-image-1120\" srcset=\"https:\/\/familie-woehl.de\/wp-content\/uploads\/2013\/10\/460119Frieda1.jpg 713w, https:\/\/familie-woehl.de\/wp-content\/uploads\/2013\/10\/460119Frieda1-106x150.jpg 106w, https:\/\/familie-woehl.de\/wp-content\/uploads\/2013\/10\/460119Frieda1-212x300.jpg 212w, https:\/\/familie-woehl.de\/wp-content\/uploads\/2013\/10\/460119Frieda1-624x882.jpg 624w\" sizes=\"auto, (max-width: 713px) 100vw, 713px\" \/><\/figure>\n\n\n\n<figure class=\"wp-block-image\"><img loading=\"lazy\" decoding=\"async\" width=\"722\" height=\"1009\" src=\"https:\/\/familie-woehl.de\/wp-content\/uploads\/2013\/10\/460119Frieda2.jpg\" alt=\"\" class=\"wp-image-1121\" srcset=\"https:\/\/familie-woehl.de\/wp-content\/uploads\/2013\/10\/460119Frieda2.jpg 722w, https:\/\/familie-woehl.de\/wp-content\/uploads\/2013\/10\/460119Frieda2-107x150.jpg 107w, https:\/\/familie-woehl.de\/wp-content\/uploads\/2013\/10\/460119Frieda2-214x300.jpg 214w, https:\/\/familie-woehl.de\/wp-content\/uploads\/2013\/10\/460119Frieda2-624x872.jpg 624w\" sizes=\"auto, (max-width: 722px) 100vw, 722px\" \/><\/figure>\n\n\n\n<blockquote class=\"wp-block-quote is-layout-flow wp-block-quote-is-layout-flow\">\n<p> <em>Altd\u00f6bern, den 19.1.1946<\/em><\/p>\n\n\n\n<p><br><em>Mein liebes Annemariechen!<\/em><br><em>Herzl. Dank f\u00fcr Deinen lb. Brief, den wir gestern erhielten, geschr. 4,1. u. sage Dank f\u00fcr den heutigen vom 8.1.46. Diese Briefe, bes. der heutige ist ja nicht lange gegangen \u2013 11 Tage. Vor wann war denn unser Brief? Du mu\u00dft schon unseren bekommen haben? Bekamst Du das Telegramm vor Weihnachten? Nur das jetzige, in dem ich Dir k\u00fcnde, da\u00df Mutter und Anna in Saleskerstrand leben? Ach Du bekommst ja so viel Post, Annemariechen, so war es doch wohl noch nicht, da\u00df sich der Sturm gelegt hat. Doch ich schieb dir schon davon. Erl\u00f6s den H. bitte bald aus seiner qu\u00e4lenden Ungewi\u00dfheit. Ich glaube doch, da\u00df er es sehr gut und aufrichtig meint. Vorgestern schrieb Lotte Mayer. Schade, da\u00df du die richtige Adresse nicht hier bekamst. Herr Brandt war vielleicht \u00fcber die Grenze gekommen. Er fuhr am 9.1. u. schrieb mir einen Brief aus ?Rizzach am 18.1. Nun mu\u00df er schon wieder an die Heimreise denken. Der Wolfgang, der recht krank war (Durchfall), ist wieder ganz gesund, daf\u00fcr liegt Gerda mit Erk\u00e4ltung zu Bett. Hoffentlich wird nichts Ernstes daraus. Gestern hatte Onkel Bauer Geb. Frau Hoy und ich waren abends ein bi\u00dfchen da. Frau Bauer hatte am 4. Geb., da war ich mit Herrn Brandt da, gab es f\u00fcr jeden ein Tellerchen Kuchen. Gestern hatten sie nur von zwei Kartoffel\u2026 . Onkel B. war mehr als begl\u00fcckt, da\u00df wir \u00fcberhaupt an ihn dachten. \u2013 Die Kinder, ach Christel holt immer B\u00fccher aus der Leihb\u00fccherei u. A. liest mir vor. \u2013 Wir hatten zweimal W\u00e4sche. Bald ist alles trocken. Montag wollen wir noch einmal waschen. Schade, da\u00df das Seifenpulver so knapp ist. Eben ist der Feger da um den Kessel nachzusehen. Wenn wir heizen, ist Annas Schlafstube voller Rauch. Doch nun zu dir, Annemariechen, da\u00df Schwester Friedel Recht behalten w\u00fcrde und du nicht mehr wieder k\u00e4mst, h\u00e4tte ich nicht gedacht. Christel geht zur Post, darum Schlu\u00df.<\/em><br><em>Innigste Gr\u00fc\u00dfe dir u. allen die dich lieb haben<\/em><br><em>Deine Tante Frieda<\/em> <\/p>\n<\/blockquote>\n\n\n\n<div class=\"wp-block-button alignright\"><a class=\"wp-block-button__link wp-element-button\" href=\"https:\/\/familie-woehl.de\/?page_id=3018\">brief vom 22.2.46<\/a><\/div>\n\n\n\n<div class=\"wp-block-button\"><a class=\"wp-block-button__link\" href=\"https:\/\/familie-woehl.de\/?page_id=2928\">zur Briefe-\u00dcbersicht<\/a><\/div>\n","protected":false},"excerpt":{"rendered":"<p>Altd\u00f6bern, den 19.1.1946 Mein liebes Annemariechen!Herzl. Dank f\u00fcr Deinen lb. Brief, den wir gestern erhielten, geschr. 4,1. u. sage Dank f\u00fcr den heutigen vom 8.1.46. Diese Briefe, bes. der heutige ist ja nicht lange gegangen \u2013 11 Tage. Vor wann war denn unser Brief? Du mu\u00dft schon unseren bekommen haben? Bekamst Du das Telegramm vor &hellip; <a href=\"https:\/\/familie-woehl.de\/?page_id=3013\" class=\"more-link\"><span class=\"screen-reader-text\">19.1.1946 Brief von Tante Frieda an Annemarie<\/span> weiterlesen<\/a><\/p>\n","protected":false},"author":1,"featured_media":0,"parent":2928,"menu_order":0,"comment_status":"closed","ping_status":"closed","template":"","meta":{"footnotes":""},"class_list":["post-3013","page","type-page","status-publish","hentry"],"_links":{"self":[{"href":"https:\/\/familie-woehl.de\/index.php?rest_route=\/wp\/v2\/pages\/3013","targetHints":{"allow":["GET"]}}],"collection":[{"href":"https:\/\/familie-woehl.de\/index.php?rest_route=\/wp\/v2\/pages"}],"about":[{"href":"https:\/\/familie-woehl.de\/index.php?rest_route=\/wp\/v2\/types\/page"}],"author":[{"embeddable":true,"href":"https:\/\/familie-woehl.de\/index.php?rest_route=\/wp\/v2\/users\/1"}],"replies":[{"embeddable":true,"href":"https:\/\/familie-woehl.de\/index.php?rest_route=%2Fwp%2Fv2%2Fcomments&post=3013"}],"version-history":[{"count":3,"href":"https:\/\/familie-woehl.de\/index.php?rest_route=\/wp\/v2\/pages\/3013\/revisions"}],"predecessor-version":[{"id":4443,"href":"https:\/\/familie-woehl.de\/index.php?rest_route=\/wp\/v2\/pages\/3013\/revisions\/4443"}],"up":[{"embeddable":true,"href":"https:\/\/familie-woehl.de\/index.php?rest_route=\/wp\/v2\/pages\/2928"}],"wp:attachment":[{"href":"https:\/\/familie-woehl.de\/index.php?rest_route=%2Fwp%2Fv2%2Fmedia&parent=3013"}],"curies":[{"name":"wp","href":"https:\/\/api.w.org\/{rel}","templated":true}]}}

http://wöhl.de/?page_id=3013

<figure class="wp-block-image"><img loading="lazy" decoding="async" width="713" height="1008" src="https://familie-woehl.de/wp-content/uploads/2013/10/460119Frieda1.jpg" alt="" class="wp-image-1120" srcset="https://familie-woehl.de/wp-content/uploads/2013/10/460119Frieda1.jpg 713w, https://familie-woehl.de/wp-content/uploads/2013/10/460119Frieda1-106x150.jpg 106w, https://familie-woehl.de/wp-content/uploads/2013/10/460119Frieda1-212x300.jpg 212w, https://familie-woehl.de/wp-content/uploads/2013/10/460119Frieda1-624x882.jpg 624w" sizes="auto, (max-width: 713px) 100vw, 713px" /></figure>



<figure class="wp-block-image"><img loading="lazy" decoding="async" width="722" height="1009" src="https://familie-woehl.de/wp-content/uploads/2013/10/460119Frieda2.jpg" alt="" class="wp-image-1121" srcset="https://familie-woehl.de/wp-content/uploads/2013/10/460119Frieda2.jpg 722w, https://familie-woehl.de/wp-content/uploads/2013/10/460119Frieda2-107x150.jpg 107w, https://familie-woehl.de/wp-content/uploads/2013/10/460119Frieda2-214x300.jpg 214w, https://familie-woehl.de/wp-content/uploads/2013/10/460119Frieda2-624x872.jpg 624w" sizes="auto, (max-width: 722px) 100vw, 722px" /></figure>



<blockquote class="wp-block-quote is-layout-flow wp-block-quote-is-layout-flow">
<p> <em>Altdöbern, den 19.1.1946</em></p>



<p><br><em>Mein liebes Annemariechen!</em><br><em>Herzl. Dank für Deinen lb. Brief, den wir gestern erhielten, geschr. 4,1. u. sage Dank für den heutigen vom 8.1.46. Diese Briefe, bes. der heutige ist ja nicht lange gegangen – 11 Tage. Vor wann war denn unser Brief? Du mußt schon unseren bekommen haben? Bekamst Du das Telegramm vor Weihnachten? Nur das jetzige, in dem ich Dir künde, daß Mutter und Anna in Saleskerstrand leben? Ach Du bekommst ja so viel Post, Annemariechen, so war es doch wohl noch nicht, daß sich der Sturm gelegt hat. Doch ich schieb dir schon davon. Erlös den H. bitte bald aus seiner quälenden Ungewißheit. Ich glaube doch, daß er es sehr gut und aufrichtig meint. Vorgestern schrieb Lotte Mayer. Schade, daß du die richtige Adresse nicht hier bekamst. Herr Brandt war vielleicht über die Grenze gekommen. Er fuhr am 9.1. u. schrieb mir einen Brief aus ?Rizzach am 18.1. Nun muß er schon wieder an die Heimreise denken. Der Wolfgang, der recht krank war (Durchfall), ist wieder ganz gesund, dafür liegt Gerda mit Erkältung zu Bett. Hoffentlich wird nichts Ernstes daraus. Gestern hatte Onkel Bauer Geb. Frau Hoy und ich waren abends ein bißchen da. Frau Bauer hatte am 4. Geb., da war ich mit Herrn Brandt da, gab es für jeden ein Tellerchen Kuchen. Gestern hatten sie nur von zwei Kartoffel… . Onkel B. war mehr als beglückt, daß wir überhaupt an ihn dachten. – Die Kinder, ach Christel holt immer Bücher aus der Leihbücherei u. A. liest mir vor. – Wir hatten zweimal Wäsche. Bald ist alles trocken. Montag wollen wir noch einmal waschen. Schade, daß das Seifenpulver so knapp ist. Eben ist der Feger da um den Kessel nachzusehen. Wenn wir heizen, ist Annas Schlafstube voller Rauch. Doch nun zu dir, Annemariechen, daß Schwester Friedel Recht behalten würde und du nicht mehr wieder kämst, hätte ich nicht gedacht. Christel geht zur Post, darum Schluß.</em><br><em>Innigste Grüße dir u. allen die dich lieb haben</em><br><em>Deine Tante Frieda</em> </p>
</blockquote>



<div class="wp-block-button alignright"><a class="wp-block-button__link wp-element-button" href="https://familie-woehl.de/?page_id=3018">brief vom 22.2.46</a></div>



<div class="wp-block-button"><a class="wp-block-button__link" href="https://familie-woehl.de/?page_id=2928">zur Briefe-Übersicht</a></div>

<p>Altdöbern, den 19.1.1946 Mein liebes Annemariechen!Herzl. Dank für Deinen lb. Brief, den wir gestern erhielten, geschr. 4,1. u. sage Dank für den heutigen vom 8.1.46. Diese Briefe, bes. der heutige ist ja nicht lange gegangen – 11 Tage. Vor wann war denn unser Brief? Du mußt schon unseren bekommen haben? Bekamst Du das Telegramm vor &hellip; <a href="https://familie-woehl.de/?page_id=3013" class="more-link"><span class="screen-reader-text">19.1.1946 Brief von Tante Frieda an Annemarie</span> weiterlesen</a></p>
