{"id":3039,"date":"2019-02-01T12:13:14","date_gmt":"2019-02-01T12:13:14","guid":{"rendered":"http:\/\/w\u00f6hl.de\/?page_id=3039"},"modified":"2023-01-29T17:10:25","modified_gmt":"2023-01-29T17:10:25","slug":"18-09-1947-brief-von-richard-an-annemaries-eltern","status":"publish","type":"page","link":"https:\/\/familie-woehl.de\/?page_id=3039","title":{"rendered":"18.09.1947 Brief von Richard an Annemaries Eltern"},"content":{"rendered":"\n<figure class=\"wp-block-image\"><img loading=\"lazy\" decoding=\"async\" width=\"684\" height=\"998\" src=\"https:\/\/familie-woehl.de\/wp-content\/uploads\/2013\/11\/470918Richard1.jpg\" alt=\"\" class=\"wp-image-1173\" srcset=\"https:\/\/familie-woehl.de\/wp-content\/uploads\/2013\/11\/470918Richard1.jpg 684w, https:\/\/familie-woehl.de\/wp-content\/uploads\/2013\/11\/470918Richard1-102x150.jpg 102w, https:\/\/familie-woehl.de\/wp-content\/uploads\/2013\/11\/470918Richard1-205x300.jpg 205w, https:\/\/familie-woehl.de\/wp-content\/uploads\/2013\/11\/470918Richard1-624x910.jpg 624w\" sizes=\"auto, (max-width: 684px) 100vw, 684px\" \/><\/figure>\n\n\n\n<figure class=\"wp-block-image\"><img loading=\"lazy\" decoding=\"async\" width=\"685\" height=\"989\" src=\"https:\/\/familie-woehl.de\/wp-content\/uploads\/2013\/11\/470918Richard2.jpg\" alt=\"\" class=\"wp-image-1174\" srcset=\"https:\/\/familie-woehl.de\/wp-content\/uploads\/2013\/11\/470918Richard2.jpg 685w, https:\/\/familie-woehl.de\/wp-content\/uploads\/2013\/11\/470918Richard2-103x150.jpg 103w, https:\/\/familie-woehl.de\/wp-content\/uploads\/2013\/11\/470918Richard2-207x300.jpg 207w, https:\/\/familie-woehl.de\/wp-content\/uploads\/2013\/11\/470918Richard2-624x900.jpg 624w\" sizes=\"auto, (max-width: 685px) 100vw, 685px\" \/><\/figure>\n\n\n\n<blockquote class=\"wp-block-quote is-layout-flow wp-block-quote-is-layout-flow\">\n<p> Meine liebe Berta, verzagt nicht es wird schon alles zurecht kommen, der Pipi bem\u00fcht sich so sehr und wird sicher Erfolg haben. Mit innigen Gr\u00fc\u00dfen Euch beiden Marta. <\/p>\n<\/blockquote>\n\n\n\n<div class=\"wp-block-button alignright\"><a class=\"wp-block-button__link wp-element-button\" href=\"https:\/\/familie-woehl.de\/?page_id=3071\">Brief vom 13.6.47<\/a><\/div>\n\n\n\n<div class=\"wp-block-button\"><a class=\"wp-block-button__link\" href=\"https:\/\/familie-woehl.de\/?page_id=2928\">zur Briefe-\u00dcbersicht<\/a><\/div>\n","protected":false},"excerpt":{"rendered":"<p>Meine liebe Berta, verzagt nicht es wird schon alles zurecht kommen, der Pipi bem\u00fcht sich so sehr und wird sicher Erfolg haben. Mit innigen Gr\u00fc\u00dfen Euch beiden Marta.<\/p>\n","protected":false},"author":1,"featured_media":0,"parent":2928,"menu_order":0,"comment_status":"closed","ping_status":"closed","template":"","meta":{"footnotes":""},"class_list":["post-3039","page","type-page","status-publish","hentry"],"_links":{"self":[{"href":"https:\/\/familie-woehl.de\/index.php?rest_route=\/wp\/v2\/pages\/3039","targetHints":{"allow":["GET"]}}],"collection":[{"href":"https:\/\/familie-woehl.de\/index.php?rest_route=\/wp\/v2\/pages"}],"about":[{"href":"https:\/\/familie-woehl.de\/index.php?rest_route=\/wp\/v2\/types\/page"}],"author":[{"embeddable":true,"href":"https:\/\/familie-woehl.de\/index.php?rest_route=\/wp\/v2\/users\/1"}],"replies":[{"embeddable":true,"href":"https:\/\/familie-woehl.de\/index.php?rest_route=%2Fwp%2Fv2%2Fcomments&post=3039"}],"version-history":[{"count":3,"href":"https:\/\/familie-woehl.de\/index.php?rest_route=\/wp\/v2\/pages\/3039\/revisions"}],"predecessor-version":[{"id":4447,"href":"https:\/\/familie-woehl.de\/index.php?rest_route=\/wp\/v2\/pages\/3039\/revisions\/4447"}],"up":[{"embeddable":true,"href":"https:\/\/familie-woehl.de\/index.php?rest_route=\/wp\/v2\/pages\/2928"}],"wp:attachment":[{"href":"https:\/\/familie-woehl.de\/index.php?rest_route=%2Fwp%2Fv2%2Fmedia&parent=3039"}],"curies":[{"name":"wp","href":"https:\/\/api.w.org\/{rel}","templated":true}]}}

http://wöhl.de/?page_id=3039

<figure class="wp-block-image"><img loading="lazy" decoding="async" width="684" height="998" src="https://familie-woehl.de/wp-content/uploads/2013/11/470918Richard1.jpg" alt="" class="wp-image-1173" srcset="https://familie-woehl.de/wp-content/uploads/2013/11/470918Richard1.jpg 684w, https://familie-woehl.de/wp-content/uploads/2013/11/470918Richard1-102x150.jpg 102w, https://familie-woehl.de/wp-content/uploads/2013/11/470918Richard1-205x300.jpg 205w, https://familie-woehl.de/wp-content/uploads/2013/11/470918Richard1-624x910.jpg 624w" sizes="auto, (max-width: 684px) 100vw, 684px" /></figure>



<figure class="wp-block-image"><img loading="lazy" decoding="async" width="685" height="989" src="https://familie-woehl.de/wp-content/uploads/2013/11/470918Richard2.jpg" alt="" class="wp-image-1174" srcset="https://familie-woehl.de/wp-content/uploads/2013/11/470918Richard2.jpg 685w, https://familie-woehl.de/wp-content/uploads/2013/11/470918Richard2-103x150.jpg 103w, https://familie-woehl.de/wp-content/uploads/2013/11/470918Richard2-207x300.jpg 207w, https://familie-woehl.de/wp-content/uploads/2013/11/470918Richard2-624x900.jpg 624w" sizes="auto, (max-width: 685px) 100vw, 685px" /></figure>



<blockquote class="wp-block-quote is-layout-flow wp-block-quote-is-layout-flow">
<p> Meine liebe Berta, verzagt nicht es wird schon alles zurecht kommen, der Pipi bemüht sich so sehr und wird sicher Erfolg haben. Mit innigen Grüßen Euch beiden Marta. </p>
</blockquote>



<div class="wp-block-button alignright"><a class="wp-block-button__link wp-element-button" href="https://familie-woehl.de/?page_id=3071">Brief vom 13.6.47</a></div>



<div class="wp-block-button"><a class="wp-block-button__link" href="https://familie-woehl.de/?page_id=2928">zur Briefe-Übersicht</a></div>

<p>Meine liebe Berta, verzagt nicht es wird schon alles zurecht kommen, der Pipi bemüht sich so sehr und wird sicher Erfolg haben. Mit innigen Grüßen Euch beiden Marta.</p>
