{"id":3078,"date":"2019-02-03T18:55:43","date_gmt":"2019-02-03T18:55:43","guid":{"rendered":"http:\/\/w\u00f6hl.de\/?page_id=3078"},"modified":"2023-03-08T09:21:14","modified_gmt":"2023-03-08T09:21:14","slug":"18-06-1949-brief-von-richard-und-martha-zu-kais-geburt","status":"publish","type":"page","link":"https:\/\/familie-woehl.de\/?page_id=3078","title":{"rendered":"18.06.1949 Brief von Richard und Martha zu Kais Geburt"},"content":{"rendered":"<div class=\"wp-block-image\">\n<figure class=\"aligncenter\"><img loading=\"lazy\" decoding=\"async\" width=\"744\" height=\"1022\" src=\"https:\/\/familie-woehl.de\/wp-content\/uploads\/2013\/11\/490618Richard1.jpg\" alt=\"\" class=\"wp-image-1181\" srcset=\"https:\/\/familie-woehl.de\/wp-content\/uploads\/2013\/11\/490618Richard1.jpg 744w, https:\/\/familie-woehl.de\/wp-content\/uploads\/2013\/11\/490618Richard1-109x150.jpg 109w, https:\/\/familie-woehl.de\/wp-content\/uploads\/2013\/11\/490618Richard1-218x300.jpg 218w, https:\/\/familie-woehl.de\/wp-content\/uploads\/2013\/11\/490618Richard1-624x857.jpg 624w\" sizes=\"auto, (max-width: 744px) 100vw, 744px\" \/><figcaption class=\"wp-element-caption\">Brief von Richard und Martha <\/figcaption><\/figure>\n<\/div>\n\n<div class=\"wp-block-image\">\n<figure class=\"aligncenter\"><img loading=\"lazy\" decoding=\"async\" width=\"726\" height=\"1016\" src=\"https:\/\/familie-woehl.de\/wp-content\/uploads\/2013\/11\/490618Richard2.jpg\" alt=\"\" class=\"wp-image-1182\" srcset=\"https:\/\/familie-woehl.de\/wp-content\/uploads\/2013\/11\/490618Richard2.jpg 726w, https:\/\/familie-woehl.de\/wp-content\/uploads\/2013\/11\/490618Richard2-107x150.jpg 107w, https:\/\/familie-woehl.de\/wp-content\/uploads\/2013\/11\/490618Richard2-214x300.jpg 214w, https:\/\/familie-woehl.de\/wp-content\/uploads\/2013\/11\/490618Richard2-624x873.jpg 624w\" sizes=\"auto, (max-width: 726px) 100vw, 726px\" \/><figcaption class=\"wp-element-caption\">an ihren neu geborenen Enkel Kai <\/figcaption><\/figure>\n<\/div>\n\n<div class=\"wp-block-image\">\n<figure class=\"aligncenter\"><img loading=\"lazy\" decoding=\"async\" width=\"746\" height=\"1026\" src=\"https:\/\/familie-woehl.de\/wp-content\/uploads\/2013\/11\/490618Richard3.jpg\" alt=\"\" class=\"wp-image-1183\" srcset=\"https:\/\/familie-woehl.de\/wp-content\/uploads\/2013\/11\/490618Richard3.jpg 746w, https:\/\/familie-woehl.de\/wp-content\/uploads\/2013\/11\/490618Richard3-109x150.jpg 109w, https:\/\/familie-woehl.de\/wp-content\/uploads\/2013\/11\/490618Richard3-218x300.jpg 218w, https:\/\/familie-woehl.de\/wp-content\/uploads\/2013\/11\/490618Richard3-744x1024.jpg 744w, https:\/\/familie-woehl.de\/wp-content\/uploads\/2013\/11\/490618Richard3-624x858.jpg 624w\" sizes=\"auto, (max-width: 746px) 100vw, 746px\" \/><figcaption class=\"wp-element-caption\">und seine Eltern <\/figcaption><\/figure>\n<\/div>\n\n\n<figure class=\"wp-block-image\"><img loading=\"lazy\" decoding=\"async\" width=\"744\" height=\"1020\" src=\"https:\/\/familie-woehl.de\/wp-content\/uploads\/2013\/11\/490618Richard4.jpg\" alt=\"\" class=\"wp-image-1184\" srcset=\"https:\/\/familie-woehl.de\/wp-content\/uploads\/2013\/11\/490618Richard4.jpg 744w, https:\/\/familie-woehl.de\/wp-content\/uploads\/2013\/11\/490618Richard4-109x150.jpg 109w, https:\/\/familie-woehl.de\/wp-content\/uploads\/2013\/11\/490618Richard4-218x300.jpg 218w, https:\/\/familie-woehl.de\/wp-content\/uploads\/2013\/11\/490618Richard4-624x855.jpg 624w\" sizes=\"auto, (max-width: 744px) 100vw, 744px\" \/><figcaption class=\"wp-element-caption\">vom 18.06.1949<\/figcaption><\/figure>\n\n\n\n<p>\n\nOma Marthas in S\u00fcterlin geschriebene Zeilen lauten:\n\n<\/p>\n\n\n\n<blockquote class=\"wp-block-quote is-layout-flow wp-block-quote-is-layout-flow\">\n<p> <em>Ihr lieben Kinder, l. Bertchen!<\/em><\/p>\n\n\n\n<p><br><em>Wie gl\u00fccklich&nbsp;werdet Ihr Lieben an morgigen Tagen sein. Unsere Gedanken sind unabl\u00e4ssig bei Euch. Wie gerne, ach wie gerne&nbsp;w\u00fcrden auch wir bei Euch sein und der lieben Annemarie \u2026lich alle guten W\u00fcnsche bringen und dem lieben kleinen Mann einen zarten Ku\u00df auf seinen allerwertesten kl. Po dr\u00fccken. Ach Bertchen sieh ihn dir nur&nbsp;recht genau an damit du ihn uns auch beschreiben kannst. Lieber Bruno wie stolz und gl\u00fccklich wirst du sein wenn Du Deinen kl. Sohn ansiehst und&nbsp;wieviel unendliche Liebe wirst Du&nbsp;heute schon&nbsp;f\u00fcr Ihn haben. M\u00f6ge Gott ihn in eine bessere Zukunft hinein wachsen lassen. M\u00f6ge er gedeihen zu Eurer und unserer aller Freude. Tante Anna schrieb heute so lieb und herzlich und gratulierte,&nbsp;man sp\u00fcrte es kam von Herzen. Auch Friedchen u. Wilhelm schrieben heute.&nbsp;So viele&nbsp;Menschen nahmen teil an Eurem und unserem Gl\u00fcck, so&nbsp;viele lassen Euch alles Gute w\u00fcnschen durch uns, ich kann es Euch gar nicht sagen wer alles. Es&nbsp;wird Euch auch sicher ganz gleich sein, denn Ihr beiden mit Eurem Jungen im Arm werdet so gl\u00fccklich sein, da\u00df Ihr nichts weiter gebraucht. Liebes Muschelchen nun&nbsp;schon dich nur noch zurecht sehr damit&nbsp;auch alles so sch\u00f6n bleibt. Wenn ich an den morgigen Tag denke wird es mir doch sehr weh ums Herz nicht dabei sein zu d\u00fcrfen. Und nun seid alle, alle sehr lieb und innig gegr\u00fc\u00dft von Oma Marta<\/em><\/p>\n<\/blockquote>\n\n\n\n<div class=\"wp-block-button alignright\"><a class=\"wp-block-button__link wp-element-button\" href=\"https:\/\/familie-woehl.de\/?page_id=3086\">Postkarte vom 8.4.51<\/a><\/div>\n\n\n\n<div class=\"wp-block-button\"><a class=\"wp-block-button__link\" href=\"https:\/\/familie-woehl.de\/?page_id=2928\">zur Briefe-\u00dcbersicht<\/a><\/div>\n","protected":false},"excerpt":{"rendered":"<p>Oma Marthas in S\u00fcterlin geschriebene Zeilen lauten: Ihr lieben Kinder, l. Bertchen! Wie gl\u00fccklich&nbsp;werdet Ihr Lieben an morgigen Tagen sein. Unsere Gedanken sind unabl\u00e4ssig bei Euch. Wie gerne, ach wie gerne&nbsp;w\u00fcrden auch wir bei Euch sein und der lieben Annemarie \u2026lich alle guten W\u00fcnsche bringen und dem lieben kleinen Mann einen zarten Ku\u00df auf seinen &hellip; <a href=\"https:\/\/familie-woehl.de\/?page_id=3078\" class=\"more-link\"><span class=\"screen-reader-text\">18.06.1949 Brief von Richard und Martha zu Kais Geburt<\/span> weiterlesen<\/a><\/p>\n","protected":false},"author":1,"featured_media":0,"parent":0,"menu_order":0,"comment_status":"closed","ping_status":"closed","template":"","meta":{"footnotes":""},"class_list":["post-3078","page","type-page","status-publish","hentry"],"_links":{"self":[{"href":"https:\/\/familie-woehl.de\/index.php?rest_route=\/wp\/v2\/pages\/3078","targetHints":{"allow":["GET"]}}],"collection":[{"href":"https:\/\/familie-woehl.de\/index.php?rest_route=\/wp\/v2\/pages"}],"about":[{"href":"https:\/\/familie-woehl.de\/index.php?rest_route=\/wp\/v2\/types\/page"}],"author":[{"embeddable":true,"href":"https:\/\/familie-woehl.de\/index.php?rest_route=\/wp\/v2\/users\/1"}],"replies":[{"embeddable":true,"href":"https:\/\/familie-woehl.de\/index.php?rest_route=%2Fwp%2Fv2%2Fcomments&post=3078"}],"version-history":[{"count":3,"href":"https:\/\/familie-woehl.de\/index.php?rest_route=\/wp\/v2\/pages\/3078\/revisions"}],"predecessor-version":[{"id":4563,"href":"https:\/\/familie-woehl.de\/index.php?rest_route=\/wp\/v2\/pages\/3078\/revisions\/4563"}],"wp:attachment":[{"href":"https:\/\/familie-woehl.de\/index.php?rest_route=%2Fwp%2Fv2%2Fmedia&parent=3078"}],"curies":[{"name":"wp","href":"https:\/\/api.w.org\/{rel}","templated":true}]}}

http://wöhl.de/?page_id=3078

<div class="wp-block-image">
<figure class="aligncenter"><img loading="lazy" decoding="async" width="744" height="1022" src="https://familie-woehl.de/wp-content/uploads/2013/11/490618Richard1.jpg" alt="" class="wp-image-1181" srcset="https://familie-woehl.de/wp-content/uploads/2013/11/490618Richard1.jpg 744w, https://familie-woehl.de/wp-content/uploads/2013/11/490618Richard1-109x150.jpg 109w, https://familie-woehl.de/wp-content/uploads/2013/11/490618Richard1-218x300.jpg 218w, https://familie-woehl.de/wp-content/uploads/2013/11/490618Richard1-624x857.jpg 624w" sizes="auto, (max-width: 744px) 100vw, 744px" /><figcaption class="wp-element-caption">Brief von Richard und Martha </figcaption></figure>
</div>

<div class="wp-block-image">
<figure class="aligncenter"><img loading="lazy" decoding="async" width="726" height="1016" src="https://familie-woehl.de/wp-content/uploads/2013/11/490618Richard2.jpg" alt="" class="wp-image-1182" srcset="https://familie-woehl.de/wp-content/uploads/2013/11/490618Richard2.jpg 726w, https://familie-woehl.de/wp-content/uploads/2013/11/490618Richard2-107x150.jpg 107w, https://familie-woehl.de/wp-content/uploads/2013/11/490618Richard2-214x300.jpg 214w, https://familie-woehl.de/wp-content/uploads/2013/11/490618Richard2-624x873.jpg 624w" sizes="auto, (max-width: 726px) 100vw, 726px" /><figcaption class="wp-element-caption">an ihren neu geborenen Enkel Kai </figcaption></figure>
</div>

<div class="wp-block-image">
<figure class="aligncenter"><img loading="lazy" decoding="async" width="746" height="1026" src="https://familie-woehl.de/wp-content/uploads/2013/11/490618Richard3.jpg" alt="" class="wp-image-1183" srcset="https://familie-woehl.de/wp-content/uploads/2013/11/490618Richard3.jpg 746w, https://familie-woehl.de/wp-content/uploads/2013/11/490618Richard3-109x150.jpg 109w, https://familie-woehl.de/wp-content/uploads/2013/11/490618Richard3-218x300.jpg 218w, https://familie-woehl.de/wp-content/uploads/2013/11/490618Richard3-744x1024.jpg 744w, https://familie-woehl.de/wp-content/uploads/2013/11/490618Richard3-624x858.jpg 624w" sizes="auto, (max-width: 746px) 100vw, 746px" /><figcaption class="wp-element-caption">und seine Eltern </figcaption></figure>
</div>


<figure class="wp-block-image"><img loading="lazy" decoding="async" width="744" height="1020" src="https://familie-woehl.de/wp-content/uploads/2013/11/490618Richard4.jpg" alt="" class="wp-image-1184" srcset="https://familie-woehl.de/wp-content/uploads/2013/11/490618Richard4.jpg 744w, https://familie-woehl.de/wp-content/uploads/2013/11/490618Richard4-109x150.jpg 109w, https://familie-woehl.de/wp-content/uploads/2013/11/490618Richard4-218x300.jpg 218w, https://familie-woehl.de/wp-content/uploads/2013/11/490618Richard4-624x855.jpg 624w" sizes="auto, (max-width: 744px) 100vw, 744px" /><figcaption class="wp-element-caption">vom 18.06.1949</figcaption></figure>



<p>

Oma Marthas in Süterlin geschriebene Zeilen lauten:

</p>



<blockquote class="wp-block-quote is-layout-flow wp-block-quote-is-layout-flow">
<p> <em>Ihr lieben Kinder, l. Bertchen!</em></p>



<p><br><em>Wie glücklich&nbsp;werdet Ihr Lieben an morgigen Tagen sein. Unsere Gedanken sind unablässig bei Euch. Wie gerne, ach wie gerne&nbsp;würden auch wir bei Euch sein und der lieben Annemarie …lich alle guten Wünsche bringen und dem lieben kleinen Mann einen zarten Kuß auf seinen allerwertesten kl. Po drücken. Ach Bertchen sieh ihn dir nur&nbsp;recht genau an damit du ihn uns auch beschreiben kannst. Lieber Bruno wie stolz und glücklich wirst du sein wenn Du Deinen kl. Sohn ansiehst und&nbsp;wieviel unendliche Liebe wirst Du&nbsp;heute schon&nbsp;für Ihn haben. Möge Gott ihn in eine bessere Zukunft hinein wachsen lassen. Möge er gedeihen zu Eurer und unserer aller Freude. Tante Anna schrieb heute so lieb und herzlich und gratulierte,&nbsp;man spürte es kam von Herzen. Auch Friedchen u. Wilhelm schrieben heute.&nbsp;So viele&nbsp;Menschen nahmen teil an Eurem und unserem Glück, so&nbsp;viele lassen Euch alles Gute wünschen durch uns, ich kann es Euch gar nicht sagen wer alles. Es&nbsp;wird Euch auch sicher ganz gleich sein, denn Ihr beiden mit Eurem Jungen im Arm werdet so glücklich sein, daß Ihr nichts weiter gebraucht. Liebes Muschelchen nun&nbsp;schon dich nur noch zurecht sehr damit&nbsp;auch alles so schön bleibt. Wenn ich an den morgigen Tag denke wird es mir doch sehr weh ums Herz nicht dabei sein zu dürfen. Und nun seid alle, alle sehr lieb und innig gegrüßt von Oma Marta</em></p>
</blockquote>



<div class="wp-block-button alignright"><a class="wp-block-button__link wp-element-button" href="https://familie-woehl.de/?page_id=3086">Postkarte vom 8.4.51</a></div>



<div class="wp-block-button"><a class="wp-block-button__link" href="https://familie-woehl.de/?page_id=2928">zur Briefe-Übersicht</a></div>

<p>Oma Marthas in Süterlin geschriebene Zeilen lauten: Ihr lieben Kinder, l. Bertchen! Wie glücklich&nbsp;werdet Ihr Lieben an morgigen Tagen sein. Unsere Gedanken sind unablässig bei Euch. Wie gerne, ach wie gerne&nbsp;würden auch wir bei Euch sein und der lieben Annemarie …lich alle guten Wünsche bringen und dem lieben kleinen Mann einen zarten Kuß auf seinen &hellip; <a href="https://familie-woehl.de/?page_id=3078" class="more-link"><span class="screen-reader-text">18.06.1949 Brief von Richard und Martha zu Kais Geburt</span> weiterlesen</a></p>
