{"id":3086,"date":"2019-02-03T19:13:01","date_gmt":"2019-02-03T19:13:01","guid":{"rendered":"http:\/\/w\u00f6hl.de\/?page_id=3086"},"modified":"2023-03-08T09:18:43","modified_gmt":"2023-03-08T09:18:43","slug":"8-4-1951-postkarte-von-richard-an-seine-kinder","status":"publish","type":"page","link":"https:\/\/familie-woehl.de\/?page_id=3086","title":{"rendered":"8.4.1951 Postkarte von Richard an seine Kinder"},"content":{"rendered":"<div class=\"wp-block-image\">\n<figure class=\"aligncenter\"><img loading=\"lazy\" decoding=\"async\" width=\"715\" height=\"522\" src=\"https:\/\/familie-woehl.de\/wp-content\/uploads\/2013\/11\/510408Richard1.jpg\" alt=\"\" class=\"wp-image-1187\" srcset=\"https:\/\/familie-woehl.de\/wp-content\/uploads\/2013\/11\/510408Richard1.jpg 715w, https:\/\/familie-woehl.de\/wp-content\/uploads\/2013\/11\/510408Richard1-150x109.jpg 150w, https:\/\/familie-woehl.de\/wp-content\/uploads\/2013\/11\/510408Richard1-300x219.jpg 300w, https:\/\/familie-woehl.de\/wp-content\/uploads\/2013\/11\/510408Richard1-624x455.jpg 624w\" sizes=\"auto, (max-width: 715px) 100vw, 715px\" \/><\/figure>\n<\/div>\n\n<div class=\"wp-block-image\">\n<figure class=\"aligncenter\"><img loading=\"lazy\" decoding=\"async\" width=\"713\" height=\"508\" src=\"https:\/\/familie-woehl.de\/wp-content\/uploads\/2013\/11\/510408Richard2.jpg\" alt=\"\" class=\"wp-image-1188\" srcset=\"https:\/\/familie-woehl.de\/wp-content\/uploads\/2013\/11\/510408Richard2.jpg 713w, https:\/\/familie-woehl.de\/wp-content\/uploads\/2013\/11\/510408Richard2-150x106.jpg 150w, https:\/\/familie-woehl.de\/wp-content\/uploads\/2013\/11\/510408Richard2-300x213.jpg 300w, https:\/\/familie-woehl.de\/wp-content\/uploads\/2013\/11\/510408Richard2-624x444.jpg 624w\" sizes=\"auto, (max-width: 713px) 100vw, 713px\" \/><\/figure>\n<\/div>\n\n\n<p>\n\nAnnemarie leitet die Postkarte von Richard an Bruno, der inzwischen bei der Post in D\u00fcsseldorf arbeitet, um eigene Zeilen erg\u00e4nzt weiter:\n\n<\/p>\n\n\n\n<blockquote class=\"wp-block-quote is-layout-flow wp-block-quote-is-layout-flow\">\n<p><em>Schwerin 8. April 1951<\/em><\/p>\n\n\n\n<p><br><em>Liebe Kinder!<\/em><br><em>Wir bersten vor Neugier, erstens, wozu Lagaries Anschrift so dringend ben\u00f6tigt wurde u. zweitens, ob unser letztes P\u00e4ckchen in Eure H\u00e4nde kam. Wir vermuten, da\u00df unser Junge seinen neuen Hut in D\u00fcsseldorf spazieren f\u00fchrte und da\u00df diese Extratour irgendwie durch seinen fr\u00fcheren Br\u00f6tchengeber ausgel\u00f6st wurde. Wir k\u00f6nnen uns aber auch irren, denn bei Gott und Bruno ist alles m\u00f6glich. Zu Euren Vorschl\u00e4gen hinsichtlich M\u00e4mmchens kommen, wird Mutti sich \u00e4u\u00dfern, sobald wir N\u00e4heres \u00fcber Eure Pl\u00e4ne zu 1.) erfahren. Wenn nicht alles tr\u00fcgt, seid Ihr wohl die l\u00e4ngste Zeit in Taarstedt gewesen. Seid gegr\u00fc\u00dft u. k\u00fc\u00dft uns den Kai von Pipi, M\u00e4mmchen usw.<\/em><\/p>\n\n\n\n<p><br><em>Erg\u00e4nzungen von Annemarie an Bruno von Ende April 1951:<\/em><\/p>\n\n\n\n<p><br><em>Mein Hummi! Tausend Dank f\u00fcr Deinen Brief, morgen geht ein Paket an Dich ab zum Sonntag. Bek\u00e4mst doch Du ein Zimmer. W\u00e4ren wir zusammen w\u00e4re alles halb so schlimm, Du h\u00e4ttest an aller Arbeit mehr Freude. Sohn ist so niedlich u. z\u00e4rtlich, seinen Papa entbehrt er sehr, besonders das er ihn nicht abends abholen kann. Wo ist die sch\u00f6ne Zeit geblieben? Sei tapfer, mein Hummi, Du hast nur f\u00fcr uns das Beste gewollt. Wir h\u00e4tten uns unser ganzes Leben mit Vorw\u00fcrfen gequ\u00e4lt, h\u00e4ttest Du diesen Schritt nicht getan. Ich hoffe sehr, da\u00df Du Dich zu einer anderen Direktion versetzen lassen kannst, wo Wohnm\u00f6glichkeit auch f\u00fcr uns besteht. Zum Gl\u00fcck ist es Sommer. Mir ist schrecklich kalt. Ich friere schon was. Mit Kai gehe ich schon zu Bett, um an nichts zu denken. Die Sehnsucht nach Dir ist unerme\u00dflich. Oh, wie werde ich es wieder zu sch\u00e4tzen wissen, wenn ich bei Dir bin.<\/em><br><em>Tausend Gr\u00fc\u00dfe Annemarie u. Kai<\/em> <\/p>\n<cite><br> <\/cite><\/blockquote>\n\n\n\n<div class=\"wp-block-button alignright\"><a class=\"wp-block-button__link wp-element-button\" href=\"https:\/\/familie-woehl.de\/?page_id=3094\">Brief vom 28.4.1951<\/a><\/div>\n\n\n\n<div class=\"wp-block-button\"><a class=\"wp-block-button__link\" href=\"https:\/\/familie-woehl.de\/?page_id=2928\">zur Briefe-\u00dcbersicht<\/a><\/div>\n","protected":false},"excerpt":{"rendered":"<p>Annemarie leitet die Postkarte von Richard an Bruno, der inzwischen bei der Post in D\u00fcsseldorf arbeitet, um eigene Zeilen erg\u00e4nzt weiter: Schwerin 8. April 1951 Liebe Kinder!Wir bersten vor Neugier, erstens, wozu Lagaries Anschrift so dringend ben\u00f6tigt wurde u. zweitens, ob unser letztes P\u00e4ckchen in Eure H\u00e4nde kam. Wir vermuten, da\u00df unser Junge seinen neuen &hellip; <a href=\"https:\/\/familie-woehl.de\/?page_id=3086\" class=\"more-link\"><span class=\"screen-reader-text\">8.4.1951 Postkarte von Richard an seine Kinder<\/span> weiterlesen<\/a><\/p>\n","protected":false},"author":1,"featured_media":0,"parent":0,"menu_order":0,"comment_status":"closed","ping_status":"closed","template":"","meta":{"footnotes":""},"class_list":["post-3086","page","type-page","status-publish","hentry"],"_links":{"self":[{"href":"https:\/\/familie-woehl.de\/index.php?rest_route=\/wp\/v2\/pages\/3086","targetHints":{"allow":["GET"]}}],"collection":[{"href":"https:\/\/familie-woehl.de\/index.php?rest_route=\/wp\/v2\/pages"}],"about":[{"href":"https:\/\/familie-woehl.de\/index.php?rest_route=\/wp\/v2\/types\/page"}],"author":[{"embeddable":true,"href":"https:\/\/familie-woehl.de\/index.php?rest_route=\/wp\/v2\/users\/1"}],"replies":[{"embeddable":true,"href":"https:\/\/familie-woehl.de\/index.php?rest_route=%2Fwp%2Fv2%2Fcomments&post=3086"}],"version-history":[{"count":3,"href":"https:\/\/familie-woehl.de\/index.php?rest_route=\/wp\/v2\/pages\/3086\/revisions"}],"predecessor-version":[{"id":4558,"href":"https:\/\/familie-woehl.de\/index.php?rest_route=\/wp\/v2\/pages\/3086\/revisions\/4558"}],"wp:attachment":[{"href":"https:\/\/familie-woehl.de\/index.php?rest_route=%2Fwp%2Fv2%2Fmedia&parent=3086"}],"curies":[{"name":"wp","href":"https:\/\/api.w.org\/{rel}","templated":true}]}}

http://wöhl.de/?page_id=3086

<div class="wp-block-image">
<figure class="aligncenter"><img loading="lazy" decoding="async" width="715" height="522" src="https://familie-woehl.de/wp-content/uploads/2013/11/510408Richard1.jpg" alt="" class="wp-image-1187" srcset="https://familie-woehl.de/wp-content/uploads/2013/11/510408Richard1.jpg 715w, https://familie-woehl.de/wp-content/uploads/2013/11/510408Richard1-150x109.jpg 150w, https://familie-woehl.de/wp-content/uploads/2013/11/510408Richard1-300x219.jpg 300w, https://familie-woehl.de/wp-content/uploads/2013/11/510408Richard1-624x455.jpg 624w" sizes="auto, (max-width: 715px) 100vw, 715px" /></figure>
</div>

<div class="wp-block-image">
<figure class="aligncenter"><img loading="lazy" decoding="async" width="713" height="508" src="https://familie-woehl.de/wp-content/uploads/2013/11/510408Richard2.jpg" alt="" class="wp-image-1188" srcset="https://familie-woehl.de/wp-content/uploads/2013/11/510408Richard2.jpg 713w, https://familie-woehl.de/wp-content/uploads/2013/11/510408Richard2-150x106.jpg 150w, https://familie-woehl.de/wp-content/uploads/2013/11/510408Richard2-300x213.jpg 300w, https://familie-woehl.de/wp-content/uploads/2013/11/510408Richard2-624x444.jpg 624w" sizes="auto, (max-width: 713px) 100vw, 713px" /></figure>
</div>


<p>

Annemarie leitet die Postkarte von Richard an Bruno, der inzwischen bei der Post in Düsseldorf arbeitet, um eigene Zeilen ergänzt weiter:

</p>



<blockquote class="wp-block-quote is-layout-flow wp-block-quote-is-layout-flow">
<p><em>Schwerin 8. April 1951</em></p>



<p><br><em>Liebe Kinder!</em><br><em>Wir bersten vor Neugier, erstens, wozu Lagaries Anschrift so dringend benötigt wurde u. zweitens, ob unser letztes Päckchen in Eure Hände kam. Wir vermuten, daß unser Junge seinen neuen Hut in Düsseldorf spazieren führte und daß diese Extratour irgendwie durch seinen früheren Brötchengeber ausgelöst wurde. Wir können uns aber auch irren, denn bei Gott und Bruno ist alles möglich. Zu Euren Vorschlägen hinsichtlich Mämmchens kommen, wird Mutti sich äußern, sobald wir Näheres über Eure Pläne zu 1.) erfahren. Wenn nicht alles trügt, seid Ihr wohl die längste Zeit in Taarstedt gewesen. Seid gegrüßt u. küßt uns den Kai von Pipi, Mämmchen usw.</em></p>



<p><br><em>Ergänzungen von Annemarie an Bruno von Ende April 1951:</em></p>



<p><br><em>Mein Hummi! Tausend Dank für Deinen Brief, morgen geht ein Paket an Dich ab zum Sonntag. Bekämst doch Du ein Zimmer. Wären wir zusammen wäre alles halb so schlimm, Du hättest an aller Arbeit mehr Freude. Sohn ist so niedlich u. zärtlich, seinen Papa entbehrt er sehr, besonders das er ihn nicht abends abholen kann. Wo ist die schöne Zeit geblieben? Sei tapfer, mein Hummi, Du hast nur für uns das Beste gewollt. Wir hätten uns unser ganzes Leben mit Vorwürfen gequält, hättest Du diesen Schritt nicht getan. Ich hoffe sehr, daß Du Dich zu einer anderen Direktion versetzen lassen kannst, wo Wohnmöglichkeit auch für uns besteht. Zum Glück ist es Sommer. Mir ist schrecklich kalt. Ich friere schon was. Mit Kai gehe ich schon zu Bett, um an nichts zu denken. Die Sehnsucht nach Dir ist unermeßlich. Oh, wie werde ich es wieder zu schätzen wissen, wenn ich bei Dir bin.</em><br><em>Tausend Grüße Annemarie u. Kai</em> </p>
<cite><br> </cite></blockquote>



<div class="wp-block-button alignright"><a class="wp-block-button__link wp-element-button" href="https://familie-woehl.de/?page_id=3094">Brief vom 28.4.1951</a></div>



<div class="wp-block-button"><a class="wp-block-button__link" href="https://familie-woehl.de/?page_id=2928">zur Briefe-Übersicht</a></div>

<p>Annemarie leitet die Postkarte von Richard an Bruno, der inzwischen bei der Post in Düsseldorf arbeitet, um eigene Zeilen ergänzt weiter: Schwerin 8. April 1951 Liebe Kinder!Wir bersten vor Neugier, erstens, wozu Lagaries Anschrift so dringend benötigt wurde u. zweitens, ob unser letztes Päckchen in Eure Hände kam. Wir vermuten, daß unser Junge seinen neuen &hellip; <a href="https://familie-woehl.de/?page_id=3086" class="more-link"><span class="screen-reader-text">8.4.1951 Postkarte von Richard an seine Kinder</span> weiterlesen</a></p>
