{"id":39,"date":"2012-11-11T18:40:42","date_gmt":"2012-11-11T16:40:42","guid":{"rendered":"http:\/\/familie-woehl.de\/?page_id=39"},"modified":"2023-03-08T09:14:58","modified_gmt":"2023-03-08T09:14:58","slug":"vorfahren-von-anne","status":"publish","type":"page","link":"https:\/\/familie-woehl.de\/?page_id=39","title":{"rendered":"Annes Vorfahren"},"content":{"rendered":"<p class=\"mceTemp\" style=\"text-align: justify;\"><a href=\"http:\/\/familie-woehl.de\/wp-content\/uploads\/2012\/11\/Hochzeitsfoto_Willi_Gertrud1.jpg\"><img loading=\"lazy\" decoding=\"async\" class=\"alignleft size-thumbnail wp-image-659\" title=\"Hochzeitsfoto_Willi_Gertrud\" src=\"http:\/\/familie-woehl.de\/wp-content\/uploads\/2012\/11\/Hochzeitsfoto_Willi_Gertrud1-107x150.jpg\" alt=\"\" width=\"107\" height=\"150\" \/><\/a>Der Stammbaum von Anne wurde von ihrem Schwager Otto Riehl in MyHeritage\u00a0innerhalb des weitergehenden Stammbaums &#8222;Riehl &#8211; Schreiber &#8211; Kr\u00f6ber &#8211; Rosenbaum&#8220; aufgebaut und sp\u00e4ter nach <a href=\"https:\/\/de.geneanet.org\/profil\/ottoriehl\" target=\"_blank\" rel=\"noopener\">geneanet<\/a> umgezogen und dort deutlich erweitert. F\u00fcr den Zugang zu geneanet ist allerdings ein kostenloses Benutzerkonto erforderlich, das dort problemlos eingerichtet werden kann.<\/p>\n<p>F\u00fcr eine erste einfache Orientierung ist hier der Auszug von <a title=\"Annes Stammbaum aus MyHeritage\" href=\"http:\/\/familie-woehl.de\/wp-content\/uploads\/2012\/11\/grosser_Stammbaum.pdf\" target=\"_blank\" rel=\"noopener\">Annes Stammbaum als PDF-Dokument <\/a>hinterlegt, in dem man sich mit Hilfe der PDF-Zoom-Auswahlrahmen (rechte Maustaste) bereits die wichtigsten Informationen direkt erschlie\u00dfen kann. Dieser Stammbaum kann in separatem Fenster auch \u00fcber den rechts oben liegenden Men\u00fc-Punkt &#8222;Annes Stammbaum&#8220; angezeigt werden.<\/p>\n<p>Detailliertere Information mit Fotos und Dokumenten zu Annes Gro\u00dfeltern Kr\u00f6ber und Rosenbaum aus deren Nachlass sind auf nachfolgenden Seiten zusammengestellt:<\/p>\n\n\n<div class=\"wp-block-buttons is-content-justification-center is-layout-flex wp-container-core-buttons-is-layout-16018d1d wp-block-buttons-is-layout-flex\">\n<div class=\"wp-block-button is-style-fill\"><a class=\"wp-block-button__link wp-element-button\" href=\"https:\/\/familie-woehl.de\/?page_id=3339\">Gro\u00dfseltern<br>Kr\u00f6ber<\/a><\/div>\n\n\n\n<div class=\"wp-block-button is-style-fill\"><a class=\"wp-block-button__link wp-element-button\" href=\"https:\/\/familie-woehl.de\/?page_id=3369\">Grosseltern<br>Rosenbaum<\/a><\/div>\n<\/div>\n\n\n\n<div class=\"wp-block-buttons is-content-justification-center is-layout-flex wp-container-core-buttons-is-layout-16018d1d wp-block-buttons-is-layout-flex\">\n<div class=\"wp-block-button is-style-fill\"><a class=\"wp-block-button__link wp-element-button\" href=\"https:\/\/familie-woehl.de\/?page_id=3281\">Eltern<br>Kr\u00f6ber<\/a><\/div>\n<\/div>\n","protected":false},"excerpt":{"rendered":"<p>Der Stammbaum von Anne wurde von ihrem Schwager Otto Riehl in MyHeritage\u00a0innerhalb des weitergehenden Stammbaums &#8222;Riehl &#8211; Schreiber &#8211; Kr\u00f6ber &#8211; Rosenbaum&#8220; aufgebaut und sp\u00e4ter nach geneanet umgezogen und dort deutlich erweitert. F\u00fcr den Zugang zu geneanet ist allerdings ein kostenloses Benutzerkonto erforderlich, das dort problemlos eingerichtet werden kann. F\u00fcr eine erste einfache Orientierung ist &hellip; <a href=\"https:\/\/familie-woehl.de\/?page_id=39\" class=\"more-link\"><span class=\"screen-reader-text\">Annes Vorfahren<\/span> weiterlesen<\/a><\/p>\n","protected":false},"author":1,"featured_media":2310,"parent":0,"menu_order":0,"comment_status":"closed","ping_status":"open","template":"","meta":{"footnotes":""},"class_list":["post-39","page","type-page","status-publish","has-post-thumbnail","hentry"],"_links":{"self":[{"href":"https:\/\/familie-woehl.de\/index.php?rest_route=\/wp\/v2\/pages\/39","targetHints":{"allow":["GET"]}}],"collection":[{"href":"https:\/\/familie-woehl.de\/index.php?rest_route=\/wp\/v2\/pages"}],"about":[{"href":"https:\/\/familie-woehl.de\/index.php?rest_route=\/wp\/v2\/types\/page"}],"author":[{"embeddable":true,"href":"https:\/\/familie-woehl.de\/index.php?rest_route=\/wp\/v2\/users\/1"}],"replies":[{"embeddable":true,"href":"https:\/\/familie-woehl.de\/index.php?rest_route=%2Fwp%2Fv2%2Fcomments&post=39"}],"version-history":[{"count":11,"href":"https:\/\/familie-woehl.de\/index.php?rest_route=\/wp\/v2\/pages\/39\/revisions"}],"predecessor-version":[{"id":4556,"href":"https:\/\/familie-woehl.de\/index.php?rest_route=\/wp\/v2\/pages\/39\/revisions\/4556"}],"wp:featuredmedia":[{"embeddable":true,"href":"https:\/\/familie-woehl.de\/index.php?rest_route=\/wp\/v2\/media\/2310"}],"wp:attachment":[{"href":"https:\/\/familie-woehl.de\/index.php?rest_route=%2Fwp%2Fv2%2Fmedia&parent=39"}],"curies":[{"name":"wp","href":"https:\/\/api.w.org\/{rel}","templated":true}]}}