{"id":4456,"date":"2023-01-31T14:16:58","date_gmt":"2023-01-31T14:16:58","guid":{"rendered":"https:\/\/familie-woehl.de\/?page_id=4456"},"modified":"2023-02-01T10:22:17","modified_gmt":"2023-02-01T10:22:17","slug":"6-10-1920-geburtstagsbrief-an-tante-frieda","status":"publish","type":"page","link":"https:\/\/familie-woehl.de\/?page_id=4456","title":{"rendered":"6.10.1920 Geburtstagsbrief an Tante Frieda"},"content":{"rendered":"\n<p>Geburtstagsbrief an Frieda St\u00f6ckmann von ihrer&nbsp;<a rel=\"noreferrer noopener\" href=\"https:\/\/familie-woehl.de\/?page_id=214\" target=\"_blank\">Mutter Mathilde, ihrem Vater August, ihren Br\u00fcdern Erich und Gerhard, ihrer Schwester Berta<\/a>&nbsp;und ihrem Neffen Kurt (Sohn von Anna Dabrunz, geb. St\u00f6ckmann); Frieda arbeitete damals wahrscheinlich im&nbsp;<a rel=\"noreferrer noopener\" href=\"https:\/\/de.wikipedia.org\/wiki\/Schloss_Altd%C3%B6bern\" target=\"_blank\">Schloss Altd\u00f6bern<\/a>:<\/p>\n\n\n<div class=\"wp-block-image\">\n<figure class=\"alignleft size-thumbnail\"><a href=\"https:\/\/familie-woehl.de\/wp-content\/uploads\/2023\/01\/201006Mathilde_an_Frieda_S1.jpg\"><img loading=\"lazy\" decoding=\"async\" width=\"96\" height=\"150\" src=\"https:\/\/familie-woehl.de\/wp-content\/uploads\/2023\/01\/201006Mathilde_an_Frieda_S1-96x150.jpg\" alt=\"\" class=\"wp-image-4343\" srcset=\"https:\/\/familie-woehl.de\/wp-content\/uploads\/2023\/01\/201006Mathilde_an_Frieda_S1-96x150.jpg 96w, https:\/\/familie-woehl.de\/wp-content\/uploads\/2023\/01\/201006Mathilde_an_Frieda_S1-192x300.jpg 192w, https:\/\/familie-woehl.de\/wp-content\/uploads\/2023\/01\/201006Mathilde_an_Frieda_S1-657x1024.jpg 657w, https:\/\/familie-woehl.de\/wp-content\/uploads\/2023\/01\/201006Mathilde_an_Frieda_S1-768x1197.jpg 768w, https:\/\/familie-woehl.de\/wp-content\/uploads\/2023\/01\/201006Mathilde_an_Frieda_S1-985x1536.jpg 985w, https:\/\/familie-woehl.de\/wp-content\/uploads\/2023\/01\/201006Mathilde_an_Frieda_S1-1314x2048.jpg 1314w, https:\/\/familie-woehl.de\/wp-content\/uploads\/2023\/01\/201006Mathilde_an_Frieda_S1.jpg 1407w\" sizes=\"auto, (max-width: 96px) 100vw, 96px\" \/><\/a><\/figure>\n<\/div>\n\n\n<p><em>Salesker=Strand den 6.10.20<\/em><br><em>Mein liebes Friedchen!<\/em><br><em>Zun\u00e4chst meinen allerherzlichsten Gl\u00fcckwunsch zu deinem Geburtstag. Ich w\u00fcnsche dir alles Liebe und Gute was eine Mutter seinem Kinde w\u00fcnschen kann. N\u00e4mlich dass du in dem k\u00fcnftigen Lebensjahr recht froh u. gl\u00fccklich wirst und alle deine W\u00fcnsche in Erf\u00fcllung gehen, das w\u00fcnscht dir mein liebes Friedchen deine Mutter.<\/em><br><em>Die beiden Briefe haben wir erhalten. Der zu Vaters Geburtstag und den wo du um etwas Butter bittest. Vater hat sich sehr \u00fcber deinen Brief gefreut u. ich nat\u00fcrlich auch, bleibe so gut und brav, dann wird es dir auch gut gehen, mein liebes Friedchen und Gott wird seinen Segen zu allem geben. Ein Paket habe ich nicht abgeschickt. N\u00e4mlich Anna hatte zu Vaters Geburtstag einen<\/em><\/p>\n\n\n<div class=\"wp-block-image\">\n<figure class=\"alignleft\"><a href=\"https:\/\/familie-woehl.de\/wp-content\/uploads\/2023\/01\/201006Mathilde_an_Frieda_S2.jpg\"><img loading=\"lazy\" decoding=\"async\" width=\"99\" height=\"150\" src=\"https:\/\/familie-woehl.de\/wp-content\/uploads\/2023\/01\/201006Mathilde_an_Frieda_S2-99x150.jpg\" alt=\"\" class=\"wp-image-4346\" srcset=\"https:\/\/familie-woehl.de\/wp-content\/uploads\/2023\/01\/201006Mathilde_an_Frieda_S2-99x150.jpg 99w, https:\/\/familie-woehl.de\/wp-content\/uploads\/2023\/01\/201006Mathilde_an_Frieda_S2-198x300.jpg 198w, https:\/\/familie-woehl.de\/wp-content\/uploads\/2023\/01\/201006Mathilde_an_Frieda_S2-674x1024.jpg 674w, https:\/\/familie-woehl.de\/wp-content\/uploads\/2023\/01\/201006Mathilde_an_Frieda_S2-768x1166.jpg 768w, https:\/\/familie-woehl.de\/wp-content\/uploads\/2023\/01\/201006Mathilde_an_Frieda_S2-1012x1536.jpg 1012w, https:\/\/familie-woehl.de\/wp-content\/uploads\/2023\/01\/201006Mathilde_an_Frieda_S2-1349x2048.jpg 1349w, https:\/\/familie-woehl.de\/wp-content\/uploads\/2023\/01\/201006Mathilde_an_Frieda_S2.jpg 1401w\" sizes=\"auto, (max-width: 99px) 100vw, 99px\" \/><\/a><\/figure>\n<\/div>\n\n\n<p><em>Kuchen gebacken. Die Zutaten hatte ich gegeben. Nun hatte Anna noch etwas Butter \u00fcbrig behalten, die Eier dazu hat Gerhard dann auch noch zu Anna getragen. Da hat Anna dann noch einen Kuchen f\u00fcr dich gebacken, es war nun auch besser so, nun hast du nicht mehr die Arbeit mit dem Backen.<\/em><br><em>Sonst geht es uns gut. Die Kartoffel haben wir bald heraus. Heute haben wir schon die H\u00e4lfte eingemietet. Das Wetter ist hier recht sch\u00f6n am Tage aber des Nachts friert es hier sehr. Berta hat heute gewaschen. Dem Gerhards Ferien sind bald zu Ende. Sonntag reist er schon wieder ab. Erich bleibt noch bis n\u00e4chste Woche. Sonntag wird er seinen Geburtstag bei uns feiern. Ich werde Erich Kartoffelpuffer backen. Nun gute Nacht mein liebes Friedchen feiere deinen Geburtstag recht vergn\u00fcgt. Schenken kann ich dir diesmal nichts. Wir werden Deiner recht oft gedenken. Viele Gr\u00fc\u00dfe Deine Mutter<\/em><\/p>\n\n\n<div class=\"wp-block-image\">\n<figure class=\"alignleft\"><a href=\"https:\/\/familie-woehl.de\/wp-content\/uploads\/2023\/01\/201006Mathilde_an_Frieda_S3.jpg\"><img loading=\"lazy\" decoding=\"async\" width=\"93\" height=\"150\" src=\"https:\/\/familie-woehl.de\/wp-content\/uploads\/2023\/01\/201006Mathilde_an_Frieda_S3-93x150.jpg\" alt=\"\" class=\"wp-image-4348\" srcset=\"https:\/\/familie-woehl.de\/wp-content\/uploads\/2023\/01\/201006Mathilde_an_Frieda_S3-93x150.jpg 93w, https:\/\/familie-woehl.de\/wp-content\/uploads\/2023\/01\/201006Mathilde_an_Frieda_S3-185x300.jpg 185w, https:\/\/familie-woehl.de\/wp-content\/uploads\/2023\/01\/201006Mathilde_an_Frieda_S3-633x1024.jpg 633w, https:\/\/familie-woehl.de\/wp-content\/uploads\/2023\/01\/201006Mathilde_an_Frieda_S3-768x1243.jpg 768w, https:\/\/familie-woehl.de\/wp-content\/uploads\/2023\/01\/201006Mathilde_an_Frieda_S3-949x1536.jpg 949w, https:\/\/familie-woehl.de\/wp-content\/uploads\/2023\/01\/201006Mathilde_an_Frieda_S3-1265x2048.jpg 1265w, https:\/\/familie-woehl.de\/wp-content\/uploads\/2023\/01\/201006Mathilde_an_Frieda_S3.jpg 1329w\" sizes=\"auto, (max-width: 93px) 100vw, 93px\" \/><\/a><\/figure>\n<\/div>\n\n\n<p><em>Liebe Tochter Frieda,<\/em><br><em>Ich gratuliere zu Deinem Geburtstage und w\u00fcnsche dir die beste Gesundheit und viel Gl\u00fcck und Segen auch viel Freude in deinem neuen Lebensjahr, das gebe Gott nun noch die herzlichsten Gr\u00fc\u00dfe von Deinem Vater<\/em><\/p>\n\n\n\n<p><em>Herzlichen Gl\u00fcckwunsch zu deinem Geburtstag Erich<\/em><\/p>\n\n\n\n<p><em>Liebes Schwesterchen! Allerherzlichsten Gl\u00fcckwunsch zu deinem Geburtstage. Leider kann ich dich diesmal nicht mit einer kleinen Aufmerksamkeit \u00fcberraschen, da mein eigentl. Geschenk schon in deinen H\u00e4nden ist. Sonntag fahre ich wieder nach Karzin. Recht viele herzliche Gr\u00fc\u00dfe sendet dein Bruder Gerhard<\/em><\/p>\n\n\n<div class=\"wp-block-image\">\n<figure class=\"alignleft\"><a href=\"https:\/\/familie-woehl.de\/wp-content\/uploads\/2023\/01\/201006Mathilde_an_Frieda_S4.jpg\"><img loading=\"lazy\" decoding=\"async\" width=\"95\" height=\"150\" src=\"https:\/\/familie-woehl.de\/wp-content\/uploads\/2023\/01\/201006Mathilde_an_Frieda_S4-95x150.jpg\" alt=\"\" class=\"wp-image-4351\" srcset=\"https:\/\/familie-woehl.de\/wp-content\/uploads\/2023\/01\/201006Mathilde_an_Frieda_S4-95x150.jpg 95w, https:\/\/familie-woehl.de\/wp-content\/uploads\/2023\/01\/201006Mathilde_an_Frieda_S4-190x300.jpg 190w, https:\/\/familie-woehl.de\/wp-content\/uploads\/2023\/01\/201006Mathilde_an_Frieda_S4-649x1024.jpg 649w, https:\/\/familie-woehl.de\/wp-content\/uploads\/2023\/01\/201006Mathilde_an_Frieda_S4-768x1212.jpg 768w, https:\/\/familie-woehl.de\/wp-content\/uploads\/2023\/01\/201006Mathilde_an_Frieda_S4-974x1536.jpg 974w, https:\/\/familie-woehl.de\/wp-content\/uploads\/2023\/01\/201006Mathilde_an_Frieda_S4-1298x2048.jpg 1298w, https:\/\/familie-woehl.de\/wp-content\/uploads\/2023\/01\/201006Mathilde_an_Frieda_S4.jpg 1392w\" sizes=\"auto, (max-width: 95px) 100vw, 95px\" \/><\/a><\/figure>\n<\/div>\n\n\n<p><em>Mein liebes Schwesterchen!<\/em><br><em>Auch ich gratuliere herzlich zu deinem Geburtstage. Gott der Herr erf\u00fclle alle deine W\u00fcnsche die in deinem Herzen aufsteigen. Mit einem Geschenk kann ich dich leider nicht erfreuen, aber vielleicht sp\u00e4ter. Momentan stecken wir so tief in Arbeit dass ich immer so m\u00fcde bin. Von Martin auch die herzlichsten Gl\u00fcckw\u00fcnsche. Ich schreibe bald. Tausend Gr\u00fc\u00dfe + K\u00fcsse gibt dir deine Schwester Berta<\/em><br><em>Mein liebes Tantchen!<\/em><br><em>Auch ich gratuliere zu deinem Geburtstage, ich w\u00fcnsche mir zum n\u00e4chsten Jahr einen Onkel<\/em><br><em>Mit einem herzlichen s\u00fc\u00dfen Kuss schlie\u00dft dein Neffe Kurt<\/em><\/p>\n\n\n\n<p><\/p>\n\n\n\n<div class=\"wp-block-buttons is-content-justification-right is-layout-flex wp-container-core-buttons-is-layout-765c4724 wp-block-buttons-is-layout-flex\">\n<div class=\"wp-block-button is-style-fill\"><a class=\"wp-block-button__link has-medium-pink-background-color has-background wp-element-button\" href=\"https:\/\/familie-woehl.de\/?page_id=2928#Briefe1920\">zur\u00fcck zu Briefe<\/a><\/div>\n<\/div>\n","protected":false},"excerpt":{"rendered":"<p>Geburtstagsbrief an Frieda St\u00f6ckmann von ihrer&nbsp;Mutter Mathilde, ihrem Vater August, ihren Br\u00fcdern Erich und Gerhard, ihrer Schwester Berta&nbsp;und ihrem Neffen Kurt (Sohn von Anna Dabrunz, geb. St\u00f6ckmann); Frieda arbeitete damals wahrscheinlich im&nbsp;Schloss Altd\u00f6bern: Salesker=Strand den 6.10.20Mein liebes Friedchen!Zun\u00e4chst meinen allerherzlichsten Gl\u00fcckwunsch zu deinem Geburtstag. Ich w\u00fcnsche dir alles Liebe und Gute was eine Mutter seinem &hellip; <a href=\"https:\/\/familie-woehl.de\/?page_id=4456\" class=\"more-link\"><span class=\"screen-reader-text\">6.10.1920 Geburtstagsbrief an Tante Frieda<\/span> weiterlesen<\/a><\/p>\n","protected":false},"author":1,"featured_media":0,"parent":0,"menu_order":0,"comment_status":"closed","ping_status":"closed","template":"","meta":{"footnotes":""},"class_list":["post-4456","page","type-page","status-publish","hentry"],"_links":{"self":[{"href":"https:\/\/familie-woehl.de\/index.php?rest_route=\/wp\/v2\/pages\/4456","targetHints":{"allow":["GET"]}}],"collection":[{"href":"https:\/\/familie-woehl.de\/index.php?rest_route=\/wp\/v2\/pages"}],"about":[{"href":"https:\/\/familie-woehl.de\/index.php?rest_route=\/wp\/v2\/types\/page"}],"author":[{"embeddable":true,"href":"https:\/\/familie-woehl.de\/index.php?rest_route=\/wp\/v2\/users\/1"}],"replies":[{"embeddable":true,"href":"https:\/\/familie-woehl.de\/index.php?rest_route=%2Fwp%2Fv2%2Fcomments&post=4456"}],"version-history":[{"count":4,"href":"https:\/\/familie-woehl.de\/index.php?rest_route=\/wp\/v2\/pages\/4456\/revisions"}],"predecessor-version":[{"id":4484,"href":"https:\/\/familie-woehl.de\/index.php?rest_route=\/wp\/v2\/pages\/4456\/revisions\/4484"}],"wp:attachment":[{"href":"https:\/\/familie-woehl.de\/index.php?rest_route=%2Fwp%2Fv2%2Fmedia&parent=4456"}],"curies":[{"name":"wp","href":"https:\/\/api.w.org\/{rel}","templated":true}]}}

<p>Geburtstagsbrief an Frieda Stöckmann von ihrer&nbsp;<a rel="noreferrer noopener" href="https://familie-woehl.de/?page_id=214" target="_blank">Mutter Mathilde, ihrem Vater August, ihren Brüdern Erich und Gerhard, ihrer Schwester Berta</a>&nbsp;und ihrem Neffen Kurt (Sohn von Anna Dabrunz, geb. Stöckmann); Frieda arbeitete damals wahrscheinlich im&nbsp;<a rel="noreferrer noopener" href="https://de.wikipedia.org/wiki/Schloss_Altd%C3%B6bern" target="_blank">Schloss Altdöbern</a>:</p>


<div class="wp-block-image">
<figure class="alignleft size-thumbnail"><a href="https://familie-woehl.de/wp-content/uploads/2023/01/201006Mathilde_an_Frieda_S1.jpg"><img loading="lazy" decoding="async" width="96" height="150" src="https://familie-woehl.de/wp-content/uploads/2023/01/201006Mathilde_an_Frieda_S1-96x150.jpg" alt="" class="wp-image-4343" srcset="https://familie-woehl.de/wp-content/uploads/2023/01/201006Mathilde_an_Frieda_S1-96x150.jpg 96w, https://familie-woehl.de/wp-content/uploads/2023/01/201006Mathilde_an_Frieda_S1-192x300.jpg 192w, https://familie-woehl.de/wp-content/uploads/2023/01/201006Mathilde_an_Frieda_S1-657x1024.jpg 657w, https://familie-woehl.de/wp-content/uploads/2023/01/201006Mathilde_an_Frieda_S1-768x1197.jpg 768w, https://familie-woehl.de/wp-content/uploads/2023/01/201006Mathilde_an_Frieda_S1-985x1536.jpg 985w, https://familie-woehl.de/wp-content/uploads/2023/01/201006Mathilde_an_Frieda_S1-1314x2048.jpg 1314w, https://familie-woehl.de/wp-content/uploads/2023/01/201006Mathilde_an_Frieda_S1.jpg 1407w" sizes="auto, (max-width: 96px) 100vw, 96px" /></a></figure>
</div>


<p><em>Salesker=Strand den 6.10.20</em><br><em>Mein liebes Friedchen!</em><br><em>Zunächst meinen allerherzlichsten Glückwunsch zu deinem Geburtstag. Ich wünsche dir alles Liebe und Gute was eine Mutter seinem Kinde wünschen kann. Nämlich dass du in dem künftigen Lebensjahr recht froh u. glücklich wirst und alle deine Wünsche in Erfüllung gehen, das wünscht dir mein liebes Friedchen deine Mutter.</em><br><em>Die beiden Briefe haben wir erhalten. Der zu Vaters Geburtstag und den wo du um etwas Butter bittest. Vater hat sich sehr über deinen Brief gefreut u. ich natürlich auch, bleibe so gut und brav, dann wird es dir auch gut gehen, mein liebes Friedchen und Gott wird seinen Segen zu allem geben. Ein Paket habe ich nicht abgeschickt. Nämlich Anna hatte zu Vaters Geburtstag einen</em></p>


<div class="wp-block-image">
<figure class="alignleft"><a href="https://familie-woehl.de/wp-content/uploads/2023/01/201006Mathilde_an_Frieda_S2.jpg"><img loading="lazy" decoding="async" width="99" height="150" src="https://familie-woehl.de/wp-content/uploads/2023/01/201006Mathilde_an_Frieda_S2-99x150.jpg" alt="" class="wp-image-4346" srcset="https://familie-woehl.de/wp-content/uploads/2023/01/201006Mathilde_an_Frieda_S2-99x150.jpg 99w, https://familie-woehl.de/wp-content/uploads/2023/01/201006Mathilde_an_Frieda_S2-198x300.jpg 198w, https://familie-woehl.de/wp-content/uploads/2023/01/201006Mathilde_an_Frieda_S2-674x1024.jpg 674w, https://familie-woehl.de/wp-content/uploads/2023/01/201006Mathilde_an_Frieda_S2-768x1166.jpg 768w, https://familie-woehl.de/wp-content/uploads/2023/01/201006Mathilde_an_Frieda_S2-1012x1536.jpg 1012w, https://familie-woehl.de/wp-content/uploads/2023/01/201006Mathilde_an_Frieda_S2-1349x2048.jpg 1349w, https://familie-woehl.de/wp-content/uploads/2023/01/201006Mathilde_an_Frieda_S2.jpg 1401w" sizes="auto, (max-width: 99px) 100vw, 99px" /></a></figure>
</div>


<p><em>Kuchen gebacken. Die Zutaten hatte ich gegeben. Nun hatte Anna noch etwas Butter übrig behalten, die Eier dazu hat Gerhard dann auch noch zu Anna getragen. Da hat Anna dann noch einen Kuchen für dich gebacken, es war nun auch besser so, nun hast du nicht mehr die Arbeit mit dem Backen.</em><br><em>Sonst geht es uns gut. Die Kartoffel haben wir bald heraus. Heute haben wir schon die Hälfte eingemietet. Das Wetter ist hier recht schön am Tage aber des Nachts friert es hier sehr. Berta hat heute gewaschen. Dem Gerhards Ferien sind bald zu Ende. Sonntag reist er schon wieder ab. Erich bleibt noch bis nächste Woche. Sonntag wird er seinen Geburtstag bei uns feiern. Ich werde Erich Kartoffelpuffer backen. Nun gute Nacht mein liebes Friedchen feiere deinen Geburtstag recht vergnügt. Schenken kann ich dir diesmal nichts. Wir werden Deiner recht oft gedenken. Viele Grüße Deine Mutter</em></p>


<div class="wp-block-image">
<figure class="alignleft"><a href="https://familie-woehl.de/wp-content/uploads/2023/01/201006Mathilde_an_Frieda_S3.jpg"><img loading="lazy" decoding="async" width="93" height="150" src="https://familie-woehl.de/wp-content/uploads/2023/01/201006Mathilde_an_Frieda_S3-93x150.jpg" alt="" class="wp-image-4348" srcset="https://familie-woehl.de/wp-content/uploads/2023/01/201006Mathilde_an_Frieda_S3-93x150.jpg 93w, https://familie-woehl.de/wp-content/uploads/2023/01/201006Mathilde_an_Frieda_S3-185x300.jpg 185w, https://familie-woehl.de/wp-content/uploads/2023/01/201006Mathilde_an_Frieda_S3-633x1024.jpg 633w, https://familie-woehl.de/wp-content/uploads/2023/01/201006Mathilde_an_Frieda_S3-768x1243.jpg 768w, https://familie-woehl.de/wp-content/uploads/2023/01/201006Mathilde_an_Frieda_S3-949x1536.jpg 949w, https://familie-woehl.de/wp-content/uploads/2023/01/201006Mathilde_an_Frieda_S3-1265x2048.jpg 1265w, https://familie-woehl.de/wp-content/uploads/2023/01/201006Mathilde_an_Frieda_S3.jpg 1329w" sizes="auto, (max-width: 93px) 100vw, 93px" /></a></figure>
</div>


<p><em>Liebe Tochter Frieda,</em><br><em>Ich gratuliere zu Deinem Geburtstage und wünsche dir die beste Gesundheit und viel Glück und Segen auch viel Freude in deinem neuen Lebensjahr, das gebe Gott nun noch die herzlichsten Grüße von Deinem Vater</em></p>



<p><em>Herzlichen Glückwunsch zu deinem Geburtstag Erich</em></p>



<p><em>Liebes Schwesterchen! Allerherzlichsten Glückwunsch zu deinem Geburtstage. Leider kann ich dich diesmal nicht mit einer kleinen Aufmerksamkeit überraschen, da mein eigentl. Geschenk schon in deinen Händen ist. Sonntag fahre ich wieder nach Karzin. Recht viele herzliche Grüße sendet dein Bruder Gerhard</em></p>


<div class="wp-block-image">
<figure class="alignleft"><a href="https://familie-woehl.de/wp-content/uploads/2023/01/201006Mathilde_an_Frieda_S4.jpg"><img loading="lazy" decoding="async" width="95" height="150" src="https://familie-woehl.de/wp-content/uploads/2023/01/201006Mathilde_an_Frieda_S4-95x150.jpg" alt="" class="wp-image-4351" srcset="https://familie-woehl.de/wp-content/uploads/2023/01/201006Mathilde_an_Frieda_S4-95x150.jpg 95w, https://familie-woehl.de/wp-content/uploads/2023/01/201006Mathilde_an_Frieda_S4-190x300.jpg 190w, https://familie-woehl.de/wp-content/uploads/2023/01/201006Mathilde_an_Frieda_S4-649x1024.jpg 649w, https://familie-woehl.de/wp-content/uploads/2023/01/201006Mathilde_an_Frieda_S4-768x1212.jpg 768w, https://familie-woehl.de/wp-content/uploads/2023/01/201006Mathilde_an_Frieda_S4-974x1536.jpg 974w, https://familie-woehl.de/wp-content/uploads/2023/01/201006Mathilde_an_Frieda_S4-1298x2048.jpg 1298w, https://familie-woehl.de/wp-content/uploads/2023/01/201006Mathilde_an_Frieda_S4.jpg 1392w" sizes="auto, (max-width: 95px) 100vw, 95px" /></a></figure>
</div>


<p><em>Mein liebes Schwesterchen!</em><br><em>Auch ich gratuliere herzlich zu deinem Geburtstage. Gott der Herr erfülle alle deine Wünsche die in deinem Herzen aufsteigen. Mit einem Geschenk kann ich dich leider nicht erfreuen, aber vielleicht später. Momentan stecken wir so tief in Arbeit dass ich immer so müde bin. Von Martin auch die herzlichsten Glückwünsche. Ich schreibe bald. Tausend Grüße + Küsse gibt dir deine Schwester Berta</em><br><em>Mein liebes Tantchen!</em><br><em>Auch ich gratuliere zu deinem Geburtstage, ich wünsche mir zum nächsten Jahr einen Onkel</em><br><em>Mit einem herzlichen süßen Kuss schließt dein Neffe Kurt</em></p>



<p></p>



<div class="wp-block-buttons is-content-justification-right is-layout-flex wp-container-core-buttons-is-layout-765c4724 wp-block-buttons-is-layout-flex">
<div class="wp-block-button is-style-fill"><a class="wp-block-button__link has-medium-pink-background-color has-background wp-element-button" href="https://familie-woehl.de/?page_id=2928#Briefe1920">zurück zu Briefe</a></div>
</div>

<p>Geburtstagsbrief an Frieda Stöckmann von ihrer&nbsp;Mutter Mathilde, ihrem Vater August, ihren Brüdern Erich und Gerhard, ihrer Schwester Berta&nbsp;und ihrem Neffen Kurt (Sohn von Anna Dabrunz, geb. Stöckmann); Frieda arbeitete damals wahrscheinlich im&nbsp;Schloss Altdöbern: Salesker=Strand den 6.10.20Mein liebes Friedchen!Zunächst meinen allerherzlichsten Glückwunsch zu deinem Geburtstag. Ich wünsche dir alles Liebe und Gute was eine Mutter seinem &hellip; <a href="https://familie-woehl.de/?page_id=4456" class="more-link"><span class="screen-reader-text">6.10.1920 Geburtstagsbrief an Tante Frieda</span> weiterlesen</a></p>
