{"id":4471,"date":"2023-02-01T09:39:58","date_gmt":"2023-02-01T09:39:58","guid":{"rendered":"https:\/\/familie-woehl.de\/?page_id=4471"},"modified":"2023-02-01T10:28:06","modified_gmt":"2023-02-01T10:28:06","slug":"16-3-1927-dankesbrief-von-mathilde-an-ihre-tochter-frieda","status":"publish","type":"page","link":"https:\/\/familie-woehl.de\/?page_id=4471","title":{"rendered":"16.3.1927 Dankesbrief von Mathilde an ihre Tochter Frieda"},"content":{"rendered":"\n<p>Dankesbrief von&nbsp;<a rel=\"noreferrer noopener\" href=\"https:\/\/familie-woehl.de\/?page_id=214\" target=\"_blank\">Mathilde St\u00f6ckmann<\/a>&nbsp;und&nbsp;<a href=\"https:\/\/familie-woehl.de\/?page_id=228\">Berta R\u00fcchel<\/a>&nbsp;an Tochter\/Schwester Frieda Zoch in Altd\u00f6bern f\u00fcr ein erhaltenes Paket; Ank\u00fcndigung eine Reise von Mathilde nach Altd\u00f6bern<\/p>\n\n\n<div class=\"wp-block-image\">\n<figure class=\"alignleft size-thumbnail\"><a href=\"https:\/\/familie-woehl.de\/wp-content\/uploads\/2023\/01\/270310Mathilde_an_Frieda_S1-scaled.jpg\"><img loading=\"lazy\" decoding=\"async\" width=\"97\" height=\"150\" src=\"https:\/\/familie-woehl.de\/wp-content\/uploads\/2023\/01\/270310Mathilde_an_Frieda_S1-97x150.jpg\" alt=\"\" class=\"wp-image-4386\" srcset=\"https:\/\/familie-woehl.de\/wp-content\/uploads\/2023\/01\/270310Mathilde_an_Frieda_S1-97x150.jpg 97w, https:\/\/familie-woehl.de\/wp-content\/uploads\/2023\/01\/270310Mathilde_an_Frieda_S1-193x300.jpg 193w, https:\/\/familie-woehl.de\/wp-content\/uploads\/2023\/01\/270310Mathilde_an_Frieda_S1-659x1024.jpg 659w, https:\/\/familie-woehl.de\/wp-content\/uploads\/2023\/01\/270310Mathilde_an_Frieda_S1-768x1193.jpg 768w, https:\/\/familie-woehl.de\/wp-content\/uploads\/2023\/01\/270310Mathilde_an_Frieda_S1-989x1536.jpg 989w, https:\/\/familie-woehl.de\/wp-content\/uploads\/2023\/01\/270310Mathilde_an_Frieda_S1-1318x2048.jpg 1318w, https:\/\/familie-woehl.de\/wp-content\/uploads\/2023\/01\/270310Mathilde_an_Frieda_S1-scaled.jpg 1648w\" sizes=\"auto, (max-width: 97px) 100vw, 97px\" \/><\/a><\/figure>\n<\/div>\n\n\n<p><em>Salesker-Strand, den 10.3.27<\/em><br><em>Mein liebes Friedchen, Gotthold und Mammi<\/em><br><em>Das liebe Paket haben wir mit viel herzlichem Dank erhalten. Ein Paket in dieser Zeit hatten wir doch nich erwartet und waren ganz erstaunt und voll herzlicher Freude, wie dasselbe ge\u00f6ffnet wurde und all die herrlichen Sachen kamen zum Vorschein. Die Kinder h\u00fcpften und sprangen um mich herum und mu\u00dften gleich alles aufmachen und es hat alles so herrlich geschmeckt. Ja, ihr Lieben, das Paket hat viel Freude gemacht. Der lieben Mammi danke ich noch besonders f\u00fcr die wundersch\u00f6ne Wurst, die herrlich schmeckt und die mich so sehr an D\u00f6bern erinnert, wenn ich sie esse, denn hier bekommt man nicht solche.<\/em><br><em>Die Karte, liebes Friedchen, werdet ihr wohl schon erhalten haben. Gott sei Dank<\/em><\/p>\n\n\n<div class=\"wp-block-image\">\n<figure class=\"alignleft size-thumbnail\"><a href=\"https:\/\/familie-woehl.de\/wp-content\/uploads\/2023\/01\/270310Mathilde_an_Frieda_S2-scaled.jpg\"><img loading=\"lazy\" decoding=\"async\" width=\"98\" height=\"150\" src=\"https:\/\/familie-woehl.de\/wp-content\/uploads\/2023\/01\/270310Mathilde_an_Frieda_S2-98x150.jpg\" alt=\"\" class=\"wp-image-4387\" srcset=\"https:\/\/familie-woehl.de\/wp-content\/uploads\/2023\/01\/270310Mathilde_an_Frieda_S2-98x150.jpg 98w, https:\/\/familie-woehl.de\/wp-content\/uploads\/2023\/01\/270310Mathilde_an_Frieda_S2-196x300.jpg 196w, https:\/\/familie-woehl.de\/wp-content\/uploads\/2023\/01\/270310Mathilde_an_Frieda_S2-669x1024.jpg 669w, https:\/\/familie-woehl.de\/wp-content\/uploads\/2023\/01\/270310Mathilde_an_Frieda_S2-768x1176.jpg 768w, https:\/\/familie-woehl.de\/wp-content\/uploads\/2023\/01\/270310Mathilde_an_Frieda_S2-1003x1536.jpg 1003w, https:\/\/familie-woehl.de\/wp-content\/uploads\/2023\/01\/270310Mathilde_an_Frieda_S2-1337x2048.jpg 1337w, https:\/\/familie-woehl.de\/wp-content\/uploads\/2023\/01\/270310Mathilde_an_Frieda_S2-scaled.jpg 1671w\" sizes=\"auto, (max-width: 98px) 100vw, 98px\" \/><\/a><\/figure>\n<\/div>\n\n\n<p><em>Gott sei Dank mir ist jetzt besser. der Frost hat nachgelassen und ich kann jetzt ohne Not gehen, auch habe ich etwas mehr Schlaf. Wenn ich so bleibe und es Gottes Wille ist, dann komme ich Anfang April. Den Zug kann ich noch nicht so genau bestimmen, da ich noch vorher nach Gerhard fahre und bei dem ein paar Tage bleiben will. Erich kommt am 27. d. Mts. nach Hause und dann m\u00f6chte ich, dass sie dann auch nach Wald ra? k\u00e4m, wenn ich da w\u00e4re, damit wir noch \u00fcber manches sprechen k\u00f6nnen. Ich dachte meine Sachen wollte ich dann schon morgen schicken, damit ich nicht so viel Gep\u00e4ck habe. Anna hatte zu Bertha gesagt, Fr\u00e4ulein Bertha sollte mich dann in den richtigen Zug helfen. Dann w\u00e4re es ja nicht n\u00f6tig, dass du kommst. Liebes Friedchen, nun lebe wohl. Gott sch\u00fctze und beh\u00fcte dich, mein liebes Friedchen, Gotthold und Mammi. Es gr\u00fc\u00dft herzlich Eure Mutter<\/em><br><em>Auch liebe Gr\u00fc\u00dfe an Fr\u00e4ulein Irmgart u. Anna Pr\u00f6hl. Auch Marie gr\u00fc\u00dfe von mir.<\/em><br><em>Nochmals vielen Dank f\u00fcr das liebe Paket.<\/em><\/p>\n\n\n<div class=\"wp-block-image\">\n<figure class=\"alignleft size-thumbnail\"><a href=\"https:\/\/familie-woehl.de\/wp-content\/uploads\/2023\/01\/270310Mathilde_an_Frieda_S3-scaled.jpg\"><img loading=\"lazy\" decoding=\"async\" width=\"98\" height=\"150\" src=\"https:\/\/familie-woehl.de\/wp-content\/uploads\/2023\/01\/270310Mathilde_an_Frieda_S3-98x150.jpg\" alt=\"\" class=\"wp-image-4391\" srcset=\"https:\/\/familie-woehl.de\/wp-content\/uploads\/2023\/01\/270310Mathilde_an_Frieda_S3-98x150.jpg 98w, https:\/\/familie-woehl.de\/wp-content\/uploads\/2023\/01\/270310Mathilde_an_Frieda_S3-195x300.jpg 195w, https:\/\/familie-woehl.de\/wp-content\/uploads\/2023\/01\/270310Mathilde_an_Frieda_S3-666x1024.jpg 666w, https:\/\/familie-woehl.de\/wp-content\/uploads\/2023\/01\/270310Mathilde_an_Frieda_S3-768x1181.jpg 768w, https:\/\/familie-woehl.de\/wp-content\/uploads\/2023\/01\/270310Mathilde_an_Frieda_S3-999x1536.jpg 999w, https:\/\/familie-woehl.de\/wp-content\/uploads\/2023\/01\/270310Mathilde_an_Frieda_S3-1332x2048.jpg 1332w, https:\/\/familie-woehl.de\/wp-content\/uploads\/2023\/01\/270310Mathilde_an_Frieda_S3-scaled.jpg 1665w\" sizes=\"auto, (max-width: 98px) 100vw, 98px\" \/><\/a><\/figure>\n<\/div>\n\n\n<p><em>Ihr Lieben!<\/em><br><em>Nachmittags (Dienstag) brachte Frau Fank uns den Abschnitt des Pakets und sagte Franz Moldenhauer bringt es abends mit. Nun wollte aber abends keiner ins Bett, da das Paket noch nicht hier war, ich sagte + dachte auch, es w\u00e4re an Muttern. So mit viel List bekam ich sie ins Bett, aber der Schlaf kam nicht bis die T\u00fcr aufging und Mutter sagte das Paket ist da. Dann war aber kein Halten. Was hast du und deine Lieben uns f\u00fcr eine gro\u00dfe Freude gemacht. Es waren lauter kostbare Leckerbissen. Die Pflaumkr. ist leider heute schon alle. Unsere Mieke wollte das immer von Tante Fiedes Apfelmus. Ich wusste ja nicht, dass die Eier mit Krem gef\u00fcllt waren, immer hie\u00df es, bitte Mamma ein Schnapsei. Die eine T\u00fcte Bonbon<\/em><\/p>\n\n\n<div class=\"wp-block-image\">\n<figure class=\"alignleft size-thumbnail\"><a href=\"https:\/\/familie-woehl.de\/wp-content\/uploads\/2023\/01\/270310Mathilde_an_Frieda_S4-scaled.jpg\"><img loading=\"lazy\" decoding=\"async\" width=\"98\" height=\"150\" src=\"https:\/\/familie-woehl.de\/wp-content\/uploads\/2023\/01\/270310Mathilde_an_Frieda_S4-98x150.jpg\" alt=\"\" class=\"wp-image-4393\" srcset=\"https:\/\/familie-woehl.de\/wp-content\/uploads\/2023\/01\/270310Mathilde_an_Frieda_S4-98x150.jpg 98w, https:\/\/familie-woehl.de\/wp-content\/uploads\/2023\/01\/270310Mathilde_an_Frieda_S4-195x300.jpg 195w, https:\/\/familie-woehl.de\/wp-content\/uploads\/2023\/01\/270310Mathilde_an_Frieda_S4-666x1024.jpg 666w, https:\/\/familie-woehl.de\/wp-content\/uploads\/2023\/01\/270310Mathilde_an_Frieda_S4-768x1181.jpg 768w, https:\/\/familie-woehl.de\/wp-content\/uploads\/2023\/01\/270310Mathilde_an_Frieda_S4-999x1536.jpg 999w, https:\/\/familie-woehl.de\/wp-content\/uploads\/2023\/01\/270310Mathilde_an_Frieda_S4-1332x2048.jpg 1332w, https:\/\/familie-woehl.de\/wp-content\/uploads\/2023\/01\/270310Mathilde_an_Frieda_S4-scaled.jpg 1665w\" sizes=\"auto, (max-width: 98px) 100vw, 98px\" \/><\/a><\/figure>\n<\/div>\n\n\n<p><em>bekam Mutti und die andere hat Martin in Verwahrung. Die Apfelsinen schmeckten auch so sch\u00f6n. Martin geht doch alle Tage auf Arbeit. Nun steckte Ernst ihm seine Apfels. morgens in die Tasche. Die sollte er mittags zum Brot aufessen. Von den Gurken haben wir auch schon gekostet. Martin sagte abends, wodurch revanchieren wir uns. Wenn Mutter kommt, das ist unser Dank. Ich dachte es wird schon gut werden, denn soll Mutter solange bleiben, wie sie will. Annemie schreibt auch an Tante Frieda. Ernst sagte, was hab ich alles in D\u00f6bern bekommen: soviel \u00c4pfel, Bonbon + Wurst. Gestern war ich den ganzen Tag beim Backofen und brannte Kraut ab und heute kann ich nicht den Arm bewegen. Was sagst du dazu: Frl. Berta will Mutter in Berlin empfangen und in den richtigen Zug bringen. Anna hat mir ein sch\u00f6nes Sonntagskleid geschenkt. Es sitzt mir auch gut. Ich kann ja nicht verderben.<\/em><br><em>Sage auch deiner lieben Mammi vielen Dank. Durch was kann ich ihr eine kleine Freude machen? Schreibe es doch. Gotthold danke ich auch. Nun sei du Friedchen herzlich gegr\u00fc\u00dft, auch Mammi und Gotthold von euren dankbaren Str\u00e4ndern<\/em><\/p>\n\n\n\n<div class=\"wp-block-buttons is-content-justification-right is-layout-flex wp-container-core-buttons-is-layout-765c4724 wp-block-buttons-is-layout-flex\">\n<div class=\"wp-block-button is-style-fill\"><a class=\"wp-block-button__link has-medium-pink-background-color has-background wp-element-button\" href=\"https:\/\/familie-woehl.de\/?page_id=2928#Briefe1927\">zur\u00fcck zu Briefe<\/a><\/div>\n<\/div>\n","protected":false},"excerpt":{"rendered":"<p>Dankesbrief von&nbsp;Mathilde St\u00f6ckmann&nbsp;und&nbsp;Berta R\u00fcchel&nbsp;an Tochter\/Schwester Frieda Zoch in Altd\u00f6bern f\u00fcr ein erhaltenes Paket; Ank\u00fcndigung eine Reise von Mathilde nach Altd\u00f6bern Salesker-Strand, den 10.3.27Mein liebes Friedchen, Gotthold und MammiDas liebe Paket haben wir mit viel herzlichem Dank erhalten. Ein Paket in dieser Zeit hatten wir doch nich erwartet und waren ganz erstaunt und voll herzlicher Freude, &hellip; <a href=\"https:\/\/familie-woehl.de\/?page_id=4471\" class=\"more-link\"><span class=\"screen-reader-text\">16.3.1927 Dankesbrief von Mathilde an ihre Tochter Frieda<\/span> weiterlesen<\/a><\/p>\n","protected":false},"author":1,"featured_media":0,"parent":0,"menu_order":0,"comment_status":"closed","ping_status":"closed","template":"","meta":{"footnotes":""},"class_list":["post-4471","page","type-page","status-publish","hentry"],"_links":{"self":[{"href":"https:\/\/familie-woehl.de\/index.php?rest_route=\/wp\/v2\/pages\/4471","targetHints":{"allow":["GET"]}}],"collection":[{"href":"https:\/\/familie-woehl.de\/index.php?rest_route=\/wp\/v2\/pages"}],"about":[{"href":"https:\/\/familie-woehl.de\/index.php?rest_route=\/wp\/v2\/types\/page"}],"author":[{"embeddable":true,"href":"https:\/\/familie-woehl.de\/index.php?rest_route=\/wp\/v2\/users\/1"}],"replies":[{"embeddable":true,"href":"https:\/\/familie-woehl.de\/index.php?rest_route=%2Fwp%2Fv2%2Fcomments&post=4471"}],"version-history":[{"count":2,"href":"https:\/\/familie-woehl.de\/index.php?rest_route=\/wp\/v2\/pages\/4471\/revisions"}],"predecessor-version":[{"id":4488,"href":"https:\/\/familie-woehl.de\/index.php?rest_route=\/wp\/v2\/pages\/4471\/revisions\/4488"}],"wp:attachment":[{"href":"https:\/\/familie-woehl.de\/index.php?rest_route=%2Fwp%2Fv2%2Fmedia&parent=4471"}],"curies":[{"name":"wp","href":"https:\/\/api.w.org\/{rel}","templated":true}]}}

<p>Dankesbrief von&nbsp;<a rel="noreferrer noopener" href="https://familie-woehl.de/?page_id=214" target="_blank">Mathilde Stöckmann</a>&nbsp;und&nbsp;<a href="https://familie-woehl.de/?page_id=228">Berta Rüchel</a>&nbsp;an Tochter/Schwester Frieda Zoch in Altdöbern für ein erhaltenes Paket; Ankündigung eine Reise von Mathilde nach Altdöbern</p>


<div class="wp-block-image">
<figure class="alignleft size-thumbnail"><a href="https://familie-woehl.de/wp-content/uploads/2023/01/270310Mathilde_an_Frieda_S1-scaled.jpg"><img loading="lazy" decoding="async" width="97" height="150" src="https://familie-woehl.de/wp-content/uploads/2023/01/270310Mathilde_an_Frieda_S1-97x150.jpg" alt="" class="wp-image-4386" srcset="https://familie-woehl.de/wp-content/uploads/2023/01/270310Mathilde_an_Frieda_S1-97x150.jpg 97w, https://familie-woehl.de/wp-content/uploads/2023/01/270310Mathilde_an_Frieda_S1-193x300.jpg 193w, https://familie-woehl.de/wp-content/uploads/2023/01/270310Mathilde_an_Frieda_S1-659x1024.jpg 659w, https://familie-woehl.de/wp-content/uploads/2023/01/270310Mathilde_an_Frieda_S1-768x1193.jpg 768w, https://familie-woehl.de/wp-content/uploads/2023/01/270310Mathilde_an_Frieda_S1-989x1536.jpg 989w, https://familie-woehl.de/wp-content/uploads/2023/01/270310Mathilde_an_Frieda_S1-1318x2048.jpg 1318w, https://familie-woehl.de/wp-content/uploads/2023/01/270310Mathilde_an_Frieda_S1-scaled.jpg 1648w" sizes="auto, (max-width: 97px) 100vw, 97px" /></a></figure>
</div>


<p><em>Salesker-Strand, den 10.3.27</em><br><em>Mein liebes Friedchen, Gotthold und Mammi</em><br><em>Das liebe Paket haben wir mit viel herzlichem Dank erhalten. Ein Paket in dieser Zeit hatten wir doch nich erwartet und waren ganz erstaunt und voll herzlicher Freude, wie dasselbe geöffnet wurde und all die herrlichen Sachen kamen zum Vorschein. Die Kinder hüpften und sprangen um mich herum und mußten gleich alles aufmachen und es hat alles so herrlich geschmeckt. Ja, ihr Lieben, das Paket hat viel Freude gemacht. Der lieben Mammi danke ich noch besonders für die wunderschöne Wurst, die herrlich schmeckt und die mich so sehr an Döbern erinnert, wenn ich sie esse, denn hier bekommt man nicht solche.</em><br><em>Die Karte, liebes Friedchen, werdet ihr wohl schon erhalten haben. Gott sei Dank</em></p>


<div class="wp-block-image">
<figure class="alignleft size-thumbnail"><a href="https://familie-woehl.de/wp-content/uploads/2023/01/270310Mathilde_an_Frieda_S2-scaled.jpg"><img loading="lazy" decoding="async" width="98" height="150" src="https://familie-woehl.de/wp-content/uploads/2023/01/270310Mathilde_an_Frieda_S2-98x150.jpg" alt="" class="wp-image-4387" srcset="https://familie-woehl.de/wp-content/uploads/2023/01/270310Mathilde_an_Frieda_S2-98x150.jpg 98w, https://familie-woehl.de/wp-content/uploads/2023/01/270310Mathilde_an_Frieda_S2-196x300.jpg 196w, https://familie-woehl.de/wp-content/uploads/2023/01/270310Mathilde_an_Frieda_S2-669x1024.jpg 669w, https://familie-woehl.de/wp-content/uploads/2023/01/270310Mathilde_an_Frieda_S2-768x1176.jpg 768w, https://familie-woehl.de/wp-content/uploads/2023/01/270310Mathilde_an_Frieda_S2-1003x1536.jpg 1003w, https://familie-woehl.de/wp-content/uploads/2023/01/270310Mathilde_an_Frieda_S2-1337x2048.jpg 1337w, https://familie-woehl.de/wp-content/uploads/2023/01/270310Mathilde_an_Frieda_S2-scaled.jpg 1671w" sizes="auto, (max-width: 98px) 100vw, 98px" /></a></figure>
</div>


<p><em>Gott sei Dank mir ist jetzt besser. der Frost hat nachgelassen und ich kann jetzt ohne Not gehen, auch habe ich etwas mehr Schlaf. Wenn ich so bleibe und es Gottes Wille ist, dann komme ich Anfang April. Den Zug kann ich noch nicht so genau bestimmen, da ich noch vorher nach Gerhard fahre und bei dem ein paar Tage bleiben will. Erich kommt am 27. d. Mts. nach Hause und dann möchte ich, dass sie dann auch nach Wald ra? käm, wenn ich da wäre, damit wir noch über manches sprechen können. Ich dachte meine Sachen wollte ich dann schon morgen schicken, damit ich nicht so viel Gepäck habe. Anna hatte zu Bertha gesagt, Fräulein Bertha sollte mich dann in den richtigen Zug helfen. Dann wäre es ja nicht nötig, dass du kommst. Liebes Friedchen, nun lebe wohl. Gott schütze und behüte dich, mein liebes Friedchen, Gotthold und Mammi. Es grüßt herzlich Eure Mutter</em><br><em>Auch liebe Grüße an Fräulein Irmgart u. Anna Pröhl. Auch Marie grüße von mir.</em><br><em>Nochmals vielen Dank für das liebe Paket.</em></p>


<div class="wp-block-image">
<figure class="alignleft size-thumbnail"><a href="https://familie-woehl.de/wp-content/uploads/2023/01/270310Mathilde_an_Frieda_S3-scaled.jpg"><img loading="lazy" decoding="async" width="98" height="150" src="https://familie-woehl.de/wp-content/uploads/2023/01/270310Mathilde_an_Frieda_S3-98x150.jpg" alt="" class="wp-image-4391" srcset="https://familie-woehl.de/wp-content/uploads/2023/01/270310Mathilde_an_Frieda_S3-98x150.jpg 98w, https://familie-woehl.de/wp-content/uploads/2023/01/270310Mathilde_an_Frieda_S3-195x300.jpg 195w, https://familie-woehl.de/wp-content/uploads/2023/01/270310Mathilde_an_Frieda_S3-666x1024.jpg 666w, https://familie-woehl.de/wp-content/uploads/2023/01/270310Mathilde_an_Frieda_S3-768x1181.jpg 768w, https://familie-woehl.de/wp-content/uploads/2023/01/270310Mathilde_an_Frieda_S3-999x1536.jpg 999w, https://familie-woehl.de/wp-content/uploads/2023/01/270310Mathilde_an_Frieda_S3-1332x2048.jpg 1332w, https://familie-woehl.de/wp-content/uploads/2023/01/270310Mathilde_an_Frieda_S3-scaled.jpg 1665w" sizes="auto, (max-width: 98px) 100vw, 98px" /></a></figure>
</div>


<p><em>Ihr Lieben!</em><br><em>Nachmittags (Dienstag) brachte Frau Fank uns den Abschnitt des Pakets und sagte Franz Moldenhauer bringt es abends mit. Nun wollte aber abends keiner ins Bett, da das Paket noch nicht hier war, ich sagte + dachte auch, es wäre an Muttern. So mit viel List bekam ich sie ins Bett, aber der Schlaf kam nicht bis die Tür aufging und Mutter sagte das Paket ist da. Dann war aber kein Halten. Was hast du und deine Lieben uns für eine große Freude gemacht. Es waren lauter kostbare Leckerbissen. Die Pflaumkr. ist leider heute schon alle. Unsere Mieke wollte das immer von Tante Fiedes Apfelmus. Ich wusste ja nicht, dass die Eier mit Krem gefüllt waren, immer hieß es, bitte Mamma ein Schnapsei. Die eine Tüte Bonbon</em></p>


<div class="wp-block-image">
<figure class="alignleft size-thumbnail"><a href="https://familie-woehl.de/wp-content/uploads/2023/01/270310Mathilde_an_Frieda_S4-scaled.jpg"><img loading="lazy" decoding="async" width="98" height="150" src="https://familie-woehl.de/wp-content/uploads/2023/01/270310Mathilde_an_Frieda_S4-98x150.jpg" alt="" class="wp-image-4393" srcset="https://familie-woehl.de/wp-content/uploads/2023/01/270310Mathilde_an_Frieda_S4-98x150.jpg 98w, https://familie-woehl.de/wp-content/uploads/2023/01/270310Mathilde_an_Frieda_S4-195x300.jpg 195w, https://familie-woehl.de/wp-content/uploads/2023/01/270310Mathilde_an_Frieda_S4-666x1024.jpg 666w, https://familie-woehl.de/wp-content/uploads/2023/01/270310Mathilde_an_Frieda_S4-768x1181.jpg 768w, https://familie-woehl.de/wp-content/uploads/2023/01/270310Mathilde_an_Frieda_S4-999x1536.jpg 999w, https://familie-woehl.de/wp-content/uploads/2023/01/270310Mathilde_an_Frieda_S4-1332x2048.jpg 1332w, https://familie-woehl.de/wp-content/uploads/2023/01/270310Mathilde_an_Frieda_S4-scaled.jpg 1665w" sizes="auto, (max-width: 98px) 100vw, 98px" /></a></figure>
</div>


<p><em>bekam Mutti und die andere hat Martin in Verwahrung. Die Apfelsinen schmeckten auch so schön. Martin geht doch alle Tage auf Arbeit. Nun steckte Ernst ihm seine Apfels. morgens in die Tasche. Die sollte er mittags zum Brot aufessen. Von den Gurken haben wir auch schon gekostet. Martin sagte abends, wodurch revanchieren wir uns. Wenn Mutter kommt, das ist unser Dank. Ich dachte es wird schon gut werden, denn soll Mutter solange bleiben, wie sie will. Annemie schreibt auch an Tante Frieda. Ernst sagte, was hab ich alles in Döbern bekommen: soviel Äpfel, Bonbon + Wurst. Gestern war ich den ganzen Tag beim Backofen und brannte Kraut ab und heute kann ich nicht den Arm bewegen. Was sagst du dazu: Frl. Berta will Mutter in Berlin empfangen und in den richtigen Zug bringen. Anna hat mir ein schönes Sonntagskleid geschenkt. Es sitzt mir auch gut. Ich kann ja nicht verderben.</em><br><em>Sage auch deiner lieben Mammi vielen Dank. Durch was kann ich ihr eine kleine Freude machen? Schreibe es doch. Gotthold danke ich auch. Nun sei du Friedchen herzlich gegrüßt, auch Mammi und Gotthold von euren dankbaren Strändern</em></p>



<div class="wp-block-buttons is-content-justification-right is-layout-flex wp-container-core-buttons-is-layout-765c4724 wp-block-buttons-is-layout-flex">
<div class="wp-block-button is-style-fill"><a class="wp-block-button__link has-medium-pink-background-color has-background wp-element-button" href="https://familie-woehl.de/?page_id=2928#Briefe1927">zurück zu Briefe</a></div>
</div>

<p>Dankesbrief von&nbsp;Mathilde Stöckmann&nbsp;und&nbsp;Berta Rüchel&nbsp;an Tochter/Schwester Frieda Zoch in Altdöbern für ein erhaltenes Paket; Ankündigung eine Reise von Mathilde nach Altdöbern Salesker-Strand, den 10.3.27Mein liebes Friedchen, Gotthold und MammiDas liebe Paket haben wir mit viel herzlichem Dank erhalten. Ein Paket in dieser Zeit hatten wir doch nich erwartet und waren ganz erstaunt und voll herzlicher Freude, &hellip; <a href="https://familie-woehl.de/?page_id=4471" class="more-link"><span class="screen-reader-text">16.3.1927 Dankesbrief von Mathilde an ihre Tochter Frieda</span> weiterlesen</a></p>
