{"id":4478,"date":"2023-02-01T10:09:22","date_gmt":"2023-02-01T10:09:22","guid":{"rendered":"https:\/\/familie-woehl.de\/?page_id=4478"},"modified":"2023-02-01T10:30:18","modified_gmt":"2023-02-01T10:30:18","slug":"1-2-1932-brief-von-berta-an-ihre-schwester-frieda","status":"publish","type":"page","link":"https:\/\/familie-woehl.de\/?page_id=4478","title":{"rendered":"1.2.1932 Brief von Berta an ihre Schwester Frieda"},"content":{"rendered":"\n<p>Brief von&nbsp;<a href=\"https:\/\/familie-woehl.de\/?page_id=228\">Berta<\/a>&nbsp;an ihre Schwester Frieda in Altd\u00f6bern \u00fcber das Leben in Salesker-Strand, Familie, Krankheiten, Landwirtschaft, \u2026<\/p>\n\n\n<div class=\"wp-block-image\">\n<figure class=\"alignleft size-thumbnail\"><a href=\"https:\/\/familie-woehl.de\/wp-content\/uploads\/2023\/01\/320301Berta_an_Frieda_S1-scaled.jpg\"><img loading=\"lazy\" decoding=\"async\" width=\"100\" height=\"150\" src=\"https:\/\/familie-woehl.de\/wp-content\/uploads\/2023\/01\/320301Berta_an_Frieda_S1-100x150.jpg\" alt=\"\" class=\"wp-image-4406\" srcset=\"https:\/\/familie-woehl.de\/wp-content\/uploads\/2023\/01\/320301Berta_an_Frieda_S1-100x150.jpg 100w, https:\/\/familie-woehl.de\/wp-content\/uploads\/2023\/01\/320301Berta_an_Frieda_S1-200x300.jpg 200w, https:\/\/familie-woehl.de\/wp-content\/uploads\/2023\/01\/320301Berta_an_Frieda_S1-682x1024.jpg 682w, https:\/\/familie-woehl.de\/wp-content\/uploads\/2023\/01\/320301Berta_an_Frieda_S1-768x1153.jpg 768w, https:\/\/familie-woehl.de\/wp-content\/uploads\/2023\/01\/320301Berta_an_Frieda_S1-1023x1536.jpg 1023w, https:\/\/familie-woehl.de\/wp-content\/uploads\/2023\/01\/320301Berta_an_Frieda_S1-1365x2048.jpg 1365w, https:\/\/familie-woehl.de\/wp-content\/uploads\/2023\/01\/320301Berta_an_Frieda_S1-scaled.jpg 1706w\" sizes=\"auto, (max-width: 100px) 100vw, 100px\" \/><\/a><\/figure>\n<\/div>\n\n\n<p><em>Salesker-Strand d. 1.2.32<\/em><br><em>Mein liebes Schwesterchen!<\/em><br><em>Gerade heute will ich einen Brief an dich schreiben, vor einer Stunde kam ich vom Friedhof. Den alten Jakob Meyer haben wir heute zur ewigen Ruhe gebracht, er ist Fiederik fast nach 3 Wochen gefolgt. Beide hatten das biblische Alter \u00fcberschritten erstere war 87 Jahre alt + Meyer 84 Jahre alt. Onkel Knuht war auch zum Nachfolgen gekommen. \u2013 Wie du wohl von Muttern erfahren hast, bin ich schon 2 Monate allein. Ich m\u00f6chte wer wei\u00df was schaffen, es wird nur das Notwendigste fertig. Im neuen Jahr war ich recht krank, hatte eine b\u00f6se Halsvereiterung, konnte doch 14<\/em><\/p>\n\n\n<div class=\"wp-block-image\">\n<figure class=\"alignleft size-thumbnail\"><a href=\"https:\/\/familie-woehl.de\/wp-content\/uploads\/2023\/01\/320301Berta_an_Frieda_S2-scaled.jpg\"><img loading=\"lazy\" decoding=\"async\" width=\"97\" height=\"150\" src=\"https:\/\/familie-woehl.de\/wp-content\/uploads\/2023\/01\/320301Berta_an_Frieda_S2-97x150.jpg\" alt=\"\" class=\"wp-image-4407\" srcset=\"https:\/\/familie-woehl.de\/wp-content\/uploads\/2023\/01\/320301Berta_an_Frieda_S2-97x150.jpg 97w, https:\/\/familie-woehl.de\/wp-content\/uploads\/2023\/01\/320301Berta_an_Frieda_S2-194x300.jpg 194w, https:\/\/familie-woehl.de\/wp-content\/uploads\/2023\/01\/320301Berta_an_Frieda_S2-661x1024.jpg 661w, https:\/\/familie-woehl.de\/wp-content\/uploads\/2023\/01\/320301Berta_an_Frieda_S2-768x1189.jpg 768w, https:\/\/familie-woehl.de\/wp-content\/uploads\/2023\/01\/320301Berta_an_Frieda_S2-992x1536.jpg 992w, https:\/\/familie-woehl.de\/wp-content\/uploads\/2023\/01\/320301Berta_an_Frieda_S2-1323x2048.jpg 1323w, https:\/\/familie-woehl.de\/wp-content\/uploads\/2023\/01\/320301Berta_an_Frieda_S2-scaled.jpg 1654w\" sizes=\"auto, (max-width: 97px) 100vw, 97px\" \/><\/a><\/figure>\n<\/div>\n\n\n<p><em>nichts herunter bekommen, dann brachte ich J\u00fcrgen nach Stolp zur Operation (Auge). 14 Tage war er bei Frau Ringlepp. Soweit ist alles gut. Nun musste er noch einmal hin. Freitag brachte ich ihn wieder zur Nachoperation. Die Nachhaut ging nicht von den Einspritzungen, die ich 3 Wochen t\u00e4glich ihm machen mu\u00dfte, fort. Wieder mu\u00dften wir Frau R. G\u00fcte in Anspruch nehmen. Wie ich ihr danken soll, wei\u00df ich noch nicht. Ersten umsorgt sie den Jungen mit so viel Liebe und zweitens beschenkt sie uns noch. 8 Tage wird J\u00fcrgen wohl wieder da bleiben m\u00fcssen. Trotz allem guten Essen und<\/em><\/p>\n\n\n<div class=\"wp-block-image\">\n<figure class=\"alignleft size-thumbnail\"><a href=\"https:\/\/familie-woehl.de\/wp-content\/uploads\/2023\/01\/320301Berta_an_Frieda_S3-scaled.jpg\"><img loading=\"lazy\" decoding=\"async\" width=\"97\" height=\"150\" src=\"https:\/\/familie-woehl.de\/wp-content\/uploads\/2023\/01\/320301Berta_an_Frieda_S3-97x150.jpg\" alt=\"\" class=\"wp-image-4408\" srcset=\"https:\/\/familie-woehl.de\/wp-content\/uploads\/2023\/01\/320301Berta_an_Frieda_S3-97x150.jpg 97w, https:\/\/familie-woehl.de\/wp-content\/uploads\/2023\/01\/320301Berta_an_Frieda_S3-195x300.jpg 195w, https:\/\/familie-woehl.de\/wp-content\/uploads\/2023\/01\/320301Berta_an_Frieda_S3-665x1024.jpg 665w, https:\/\/familie-woehl.de\/wp-content\/uploads\/2023\/01\/320301Berta_an_Frieda_S3-768x1182.jpg 768w, https:\/\/familie-woehl.de\/wp-content\/uploads\/2023\/01\/320301Berta_an_Frieda_S3-998x1536.jpg 998w, https:\/\/familie-woehl.de\/wp-content\/uploads\/2023\/01\/320301Berta_an_Frieda_S3-1330x2048.jpg 1330w, https:\/\/familie-woehl.de\/wp-content\/uploads\/2023\/01\/320301Berta_an_Frieda_S3-scaled.jpg 1663w\" sizes=\"auto, (max-width: 97px) 100vw, 97px\" \/><\/a><\/figure>\n<\/div>\n\n\n<p><em>Pflege hat er so ein Heimweh. Ich will gerne Saftbr?? essen, gar keinen Kuchen haben, nur zu Hause sein. Aber wohler war er in Stolp geworden. \u2013 Unser Anntsche ihren Geburtstag durfte ich dieses Jahr nicht mitfeiern. Helfen unsere Annemarie krankt diesen Winter sehr viel. Sie ist gerade so mager und immer friert sie. Manchmal wird mir Angst. Was macht Euer Augenstern? Alle Tage fragen unsere Kinder schon, ob Tante Friedchen mit Klein Annemie zu Sommer kommt.<\/em><br><em>Nun fange ich schon zum 3. Mal an zu schreiben. Hoffentlich vollende ich nun den Brief. Martin ist heute wieder nach Stolpm\u00fcnde , kauft sich Flundern und geht damit<\/em><\/p>\n\n\n<div class=\"wp-block-image\">\n<figure class=\"alignleft size-thumbnail\"><a href=\"https:\/\/familie-woehl.de\/wp-content\/uploads\/2023\/01\/320301Berta_an_Frieda_S4-scaled.jpg\"><img loading=\"lazy\" decoding=\"async\" width=\"98\" height=\"150\" src=\"https:\/\/familie-woehl.de\/wp-content\/uploads\/2023\/01\/320301Berta_an_Frieda_S4-98x150.jpg\" alt=\"\" class=\"wp-image-4409\" srcset=\"https:\/\/familie-woehl.de\/wp-content\/uploads\/2023\/01\/320301Berta_an_Frieda_S4-98x150.jpg 98w, https:\/\/familie-woehl.de\/wp-content\/uploads\/2023\/01\/320301Berta_an_Frieda_S4-196x300.jpg 196w, https:\/\/familie-woehl.de\/wp-content\/uploads\/2023\/01\/320301Berta_an_Frieda_S4-667x1024.jpg 667w, https:\/\/familie-woehl.de\/wp-content\/uploads\/2023\/01\/320301Berta_an_Frieda_S4-768x1178.jpg 768w, https:\/\/familie-woehl.de\/wp-content\/uploads\/2023\/01\/320301Berta_an_Frieda_S4-1001x1536.jpg 1001w, https:\/\/familie-woehl.de\/wp-content\/uploads\/2023\/01\/320301Berta_an_Frieda_S4-1335x2048.jpg 1335w, https:\/\/familie-woehl.de\/wp-content\/uploads\/2023\/01\/320301Berta_an_Frieda_S4-scaled.jpg 1668w\" sizes=\"auto, (max-width: 98px) 100vw, 98px\" \/><\/a><\/figure>\n<\/div>\n\n\n<p><em>aus, es ist das 2. Mal, aber heimlich. Nun staunten auch wir, haben schon 14 Tage Unterst\u00fctzung bekommen, die Woche 9 Mk. Es ist doch etwas, nun brauchen wir doch kein Brot borgen. 2 Schweinchen haben wir geschlachtet. Das Stck. wog wohl 150 Pfd. Speck gab es ja nicht, aber es ist doch etwas im Fass. 2 K\u00e4lber habe ich \u00fcber Winter getr\u00e4nkt, dies letzte kann ich nur 6 Wochen halten, wenn es gesund bleibt. 2 K\u00fche werden im Juni kalben und Stene m\u00fcssen wir verkaufen, die Milch findet sich nicht in die vordere H\u00e4lfte. Ferkel haben wir noch nicht. Ich dachte so \u00fcber 14 Tage. Kartoffeln haben wir sehr wenig. 13 Ztr. kleine Kartoffeln kaufte ich schon von Onkel Knuth. Nun habe ich auch gro\u00dfe bei ihm bestellt. \u2013 Unsere Gans hat schon 6 Eier gelegt.<\/em><br><em>Wir haben hier einen alten Lehrer aus Stolp, hat schon gro\u00dfe Kinder, aber Frau + Kinder sind in Stolp, wo er ein eigenes Haus besitzt.<\/em><br><em>Adolfs Irmchen wird Sonntag konfirmiert. Weil es mein Patenkind ist, habe ich ihr einen wei\u00dfen Unterrock geschenkt. Wenn du etwas wissen willst, musst du einen Fragebogen schicken.<\/em><br><em>Hast du auch Frau Bauer f\u00fcr das Hemd gedankt? \u00dcber meins freue ich mich auch immer zu. Leb wohl liebes Schwesterchen, dich k\u00fcsst in Liebe deine Schwester + Familie<\/em><br><em>gr\u00fc\u00dfe bitte Mamma, Gotthold und den kleinen Matz herzlich , sie soll nur kommen, wir karren sie auch zur Ostsee.<\/em><\/p>\n\n\n\n<div class=\"wp-block-buttons is-content-justification-right is-layout-flex wp-container-core-buttons-is-layout-765c4724 wp-block-buttons-is-layout-flex\">\n<div class=\"wp-block-button is-style-fill\"><a class=\"wp-block-button__link has-medium-pink-background-color has-background wp-element-button\" href=\"https:\/\/familie-woehl.de\/?page_id=2928#Briefe1932\">Zur\u00fcck zu Briefe<\/a><\/div>\n<\/div>\n","protected":false},"excerpt":{"rendered":"<p>Brief von&nbsp;Berta&nbsp;an ihre Schwester Frieda in Altd\u00f6bern \u00fcber das Leben in Salesker-Strand, Familie, Krankheiten, Landwirtschaft, \u2026 Salesker-Strand d. 1.2.32Mein liebes Schwesterchen!Gerade heute will ich einen Brief an dich schreiben, vor einer Stunde kam ich vom Friedhof. Den alten Jakob Meyer haben wir heute zur ewigen Ruhe gebracht, er ist Fiederik fast nach 3 Wochen gefolgt. &hellip; <a href=\"https:\/\/familie-woehl.de\/?page_id=4478\" class=\"more-link\"><span class=\"screen-reader-text\">1.2.1932 Brief von Berta an ihre Schwester Frieda<\/span> weiterlesen<\/a><\/p>\n","protected":false},"author":1,"featured_media":0,"parent":0,"menu_order":0,"comment_status":"closed","ping_status":"closed","template":"","meta":{"footnotes":""},"class_list":["post-4478","page","type-page","status-publish","hentry"],"_links":{"self":[{"href":"https:\/\/familie-woehl.de\/index.php?rest_route=\/wp\/v2\/pages\/4478","targetHints":{"allow":["GET"]}}],"collection":[{"href":"https:\/\/familie-woehl.de\/index.php?rest_route=\/wp\/v2\/pages"}],"about":[{"href":"https:\/\/familie-woehl.de\/index.php?rest_route=\/wp\/v2\/types\/page"}],"author":[{"embeddable":true,"href":"https:\/\/familie-woehl.de\/index.php?rest_route=\/wp\/v2\/users\/1"}],"replies":[{"embeddable":true,"href":"https:\/\/familie-woehl.de\/index.php?rest_route=%2Fwp%2Fv2%2Fcomments&post=4478"}],"version-history":[{"count":2,"href":"https:\/\/familie-woehl.de\/index.php?rest_route=\/wp\/v2\/pages\/4478\/revisions"}],"predecessor-version":[{"id":4490,"href":"https:\/\/familie-woehl.de\/index.php?rest_route=\/wp\/v2\/pages\/4478\/revisions\/4490"}],"wp:attachment":[{"href":"https:\/\/familie-woehl.de\/index.php?rest_route=%2Fwp%2Fv2%2Fmedia&parent=4478"}],"curies":[{"name":"wp","href":"https:\/\/api.w.org\/{rel}","templated":true}]}}

<p>Brief von&nbsp;<a href="https://familie-woehl.de/?page_id=228">Berta</a>&nbsp;an ihre Schwester Frieda in Altdöbern über das Leben in Salesker-Strand, Familie, Krankheiten, Landwirtschaft, …</p>


<div class="wp-block-image">
<figure class="alignleft size-thumbnail"><a href="https://familie-woehl.de/wp-content/uploads/2023/01/320301Berta_an_Frieda_S1-scaled.jpg"><img loading="lazy" decoding="async" width="100" height="150" src="https://familie-woehl.de/wp-content/uploads/2023/01/320301Berta_an_Frieda_S1-100x150.jpg" alt="" class="wp-image-4406" srcset="https://familie-woehl.de/wp-content/uploads/2023/01/320301Berta_an_Frieda_S1-100x150.jpg 100w, https://familie-woehl.de/wp-content/uploads/2023/01/320301Berta_an_Frieda_S1-200x300.jpg 200w, https://familie-woehl.de/wp-content/uploads/2023/01/320301Berta_an_Frieda_S1-682x1024.jpg 682w, https://familie-woehl.de/wp-content/uploads/2023/01/320301Berta_an_Frieda_S1-768x1153.jpg 768w, https://familie-woehl.de/wp-content/uploads/2023/01/320301Berta_an_Frieda_S1-1023x1536.jpg 1023w, https://familie-woehl.de/wp-content/uploads/2023/01/320301Berta_an_Frieda_S1-1365x2048.jpg 1365w, https://familie-woehl.de/wp-content/uploads/2023/01/320301Berta_an_Frieda_S1-scaled.jpg 1706w" sizes="auto, (max-width: 100px) 100vw, 100px" /></a></figure>
</div>


<p><em>Salesker-Strand d. 1.2.32</em><br><em>Mein liebes Schwesterchen!</em><br><em>Gerade heute will ich einen Brief an dich schreiben, vor einer Stunde kam ich vom Friedhof. Den alten Jakob Meyer haben wir heute zur ewigen Ruhe gebracht, er ist Fiederik fast nach 3 Wochen gefolgt. Beide hatten das biblische Alter überschritten erstere war 87 Jahre alt + Meyer 84 Jahre alt. Onkel Knuht war auch zum Nachfolgen gekommen. – Wie du wohl von Muttern erfahren hast, bin ich schon 2 Monate allein. Ich möchte wer weiß was schaffen, es wird nur das Notwendigste fertig. Im neuen Jahr war ich recht krank, hatte eine böse Halsvereiterung, konnte doch 14</em></p>


<div class="wp-block-image">
<figure class="alignleft size-thumbnail"><a href="https://familie-woehl.de/wp-content/uploads/2023/01/320301Berta_an_Frieda_S2-scaled.jpg"><img loading="lazy" decoding="async" width="97" height="150" src="https://familie-woehl.de/wp-content/uploads/2023/01/320301Berta_an_Frieda_S2-97x150.jpg" alt="" class="wp-image-4407" srcset="https://familie-woehl.de/wp-content/uploads/2023/01/320301Berta_an_Frieda_S2-97x150.jpg 97w, https://familie-woehl.de/wp-content/uploads/2023/01/320301Berta_an_Frieda_S2-194x300.jpg 194w, https://familie-woehl.de/wp-content/uploads/2023/01/320301Berta_an_Frieda_S2-661x1024.jpg 661w, https://familie-woehl.de/wp-content/uploads/2023/01/320301Berta_an_Frieda_S2-768x1189.jpg 768w, https://familie-woehl.de/wp-content/uploads/2023/01/320301Berta_an_Frieda_S2-992x1536.jpg 992w, https://familie-woehl.de/wp-content/uploads/2023/01/320301Berta_an_Frieda_S2-1323x2048.jpg 1323w, https://familie-woehl.de/wp-content/uploads/2023/01/320301Berta_an_Frieda_S2-scaled.jpg 1654w" sizes="auto, (max-width: 97px) 100vw, 97px" /></a></figure>
</div>


<p><em>nichts herunter bekommen, dann brachte ich Jürgen nach Stolp zur Operation (Auge). 14 Tage war er bei Frau Ringlepp. Soweit ist alles gut. Nun musste er noch einmal hin. Freitag brachte ich ihn wieder zur Nachoperation. Die Nachhaut ging nicht von den Einspritzungen, die ich 3 Wochen täglich ihm machen mußte, fort. Wieder mußten wir Frau R. Güte in Anspruch nehmen. Wie ich ihr danken soll, weiß ich noch nicht. Ersten umsorgt sie den Jungen mit so viel Liebe und zweitens beschenkt sie uns noch. 8 Tage wird Jürgen wohl wieder da bleiben müssen. Trotz allem guten Essen und</em></p>


<div class="wp-block-image">
<figure class="alignleft size-thumbnail"><a href="https://familie-woehl.de/wp-content/uploads/2023/01/320301Berta_an_Frieda_S3-scaled.jpg"><img loading="lazy" decoding="async" width="97" height="150" src="https://familie-woehl.de/wp-content/uploads/2023/01/320301Berta_an_Frieda_S3-97x150.jpg" alt="" class="wp-image-4408" srcset="https://familie-woehl.de/wp-content/uploads/2023/01/320301Berta_an_Frieda_S3-97x150.jpg 97w, https://familie-woehl.de/wp-content/uploads/2023/01/320301Berta_an_Frieda_S3-195x300.jpg 195w, https://familie-woehl.de/wp-content/uploads/2023/01/320301Berta_an_Frieda_S3-665x1024.jpg 665w, https://familie-woehl.de/wp-content/uploads/2023/01/320301Berta_an_Frieda_S3-768x1182.jpg 768w, https://familie-woehl.de/wp-content/uploads/2023/01/320301Berta_an_Frieda_S3-998x1536.jpg 998w, https://familie-woehl.de/wp-content/uploads/2023/01/320301Berta_an_Frieda_S3-1330x2048.jpg 1330w, https://familie-woehl.de/wp-content/uploads/2023/01/320301Berta_an_Frieda_S3-scaled.jpg 1663w" sizes="auto, (max-width: 97px) 100vw, 97px" /></a></figure>
</div>


<p><em>Pflege hat er so ein Heimweh. Ich will gerne Saftbr?? essen, gar keinen Kuchen haben, nur zu Hause sein. Aber wohler war er in Stolp geworden. – Unser Anntsche ihren Geburtstag durfte ich dieses Jahr nicht mitfeiern. Helfen unsere Annemarie krankt diesen Winter sehr viel. Sie ist gerade so mager und immer friert sie. Manchmal wird mir Angst. Was macht Euer Augenstern? Alle Tage fragen unsere Kinder schon, ob Tante Friedchen mit Klein Annemie zu Sommer kommt.</em><br><em>Nun fange ich schon zum 3. Mal an zu schreiben. Hoffentlich vollende ich nun den Brief. Martin ist heute wieder nach Stolpmünde , kauft sich Flundern und geht damit</em></p>


<div class="wp-block-image">
<figure class="alignleft size-thumbnail"><a href="https://familie-woehl.de/wp-content/uploads/2023/01/320301Berta_an_Frieda_S4-scaled.jpg"><img loading="lazy" decoding="async" width="98" height="150" src="https://familie-woehl.de/wp-content/uploads/2023/01/320301Berta_an_Frieda_S4-98x150.jpg" alt="" class="wp-image-4409" srcset="https://familie-woehl.de/wp-content/uploads/2023/01/320301Berta_an_Frieda_S4-98x150.jpg 98w, https://familie-woehl.de/wp-content/uploads/2023/01/320301Berta_an_Frieda_S4-196x300.jpg 196w, https://familie-woehl.de/wp-content/uploads/2023/01/320301Berta_an_Frieda_S4-667x1024.jpg 667w, https://familie-woehl.de/wp-content/uploads/2023/01/320301Berta_an_Frieda_S4-768x1178.jpg 768w, https://familie-woehl.de/wp-content/uploads/2023/01/320301Berta_an_Frieda_S4-1001x1536.jpg 1001w, https://familie-woehl.de/wp-content/uploads/2023/01/320301Berta_an_Frieda_S4-1335x2048.jpg 1335w, https://familie-woehl.de/wp-content/uploads/2023/01/320301Berta_an_Frieda_S4-scaled.jpg 1668w" sizes="auto, (max-width: 98px) 100vw, 98px" /></a></figure>
</div>


<p><em>aus, es ist das 2. Mal, aber heimlich. Nun staunten auch wir, haben schon 14 Tage Unterstützung bekommen, die Woche 9 Mk. Es ist doch etwas, nun brauchen wir doch kein Brot borgen. 2 Schweinchen haben wir geschlachtet. Das Stck. wog wohl 150 Pfd. Speck gab es ja nicht, aber es ist doch etwas im Fass. 2 Kälber habe ich über Winter getränkt, dies letzte kann ich nur 6 Wochen halten, wenn es gesund bleibt. 2 Kühe werden im Juni kalben und Stene müssen wir verkaufen, die Milch findet sich nicht in die vordere Hälfte. Ferkel haben wir noch nicht. Ich dachte so über 14 Tage. Kartoffeln haben wir sehr wenig. 13 Ztr. kleine Kartoffeln kaufte ich schon von Onkel Knuth. Nun habe ich auch große bei ihm bestellt. – Unsere Gans hat schon 6 Eier gelegt.</em><br><em>Wir haben hier einen alten Lehrer aus Stolp, hat schon große Kinder, aber Frau + Kinder sind in Stolp, wo er ein eigenes Haus besitzt.</em><br><em>Adolfs Irmchen wird Sonntag konfirmiert. Weil es mein Patenkind ist, habe ich ihr einen weißen Unterrock geschenkt. Wenn du etwas wissen willst, musst du einen Fragebogen schicken.</em><br><em>Hast du auch Frau Bauer für das Hemd gedankt? Über meins freue ich mich auch immer zu. Leb wohl liebes Schwesterchen, dich küsst in Liebe deine Schwester + Familie</em><br><em>grüße bitte Mamma, Gotthold und den kleinen Matz herzlich , sie soll nur kommen, wir karren sie auch zur Ostsee.</em></p>



<div class="wp-block-buttons is-content-justification-right is-layout-flex wp-container-core-buttons-is-layout-765c4724 wp-block-buttons-is-layout-flex">
<div class="wp-block-button is-style-fill"><a class="wp-block-button__link has-medium-pink-background-color has-background wp-element-button" href="https://familie-woehl.de/?page_id=2928#Briefe1932">Zurück zu Briefe</a></div>
</div>

<p>Brief von&nbsp;Berta&nbsp;an ihre Schwester Frieda in Altdöbern über das Leben in Salesker-Strand, Familie, Krankheiten, Landwirtschaft, … Salesker-Strand d. 1.2.32Mein liebes Schwesterchen!Gerade heute will ich einen Brief an dich schreiben, vor einer Stunde kam ich vom Friedhof. Den alten Jakob Meyer haben wir heute zur ewigen Ruhe gebracht, er ist Fiederik fast nach 3 Wochen gefolgt. &hellip; <a href="https://familie-woehl.de/?page_id=4478" class="more-link"><span class="screen-reader-text">1.2.1932 Brief von Berta an ihre Schwester Frieda</span> weiterlesen</a></p>
