{"id":74,"date":"2012-11-12T11:38:08","date_gmt":"2012-11-12T09:38:08","guid":{"rendered":"http:\/\/familie-woehl.de\/?page_id=74"},"modified":"2019-01-15T17:59:45","modified_gmt":"2019-01-15T17:59:45","slug":"die-um-1790-geborenen-vorfahren-von-kai","status":"publish","type":"page","link":"https:\/\/familie-woehl.de\/?page_id=74","title":{"rendered":"W\u00f6hl-Vorf. nach 1790 (1.1-16)"},"content":{"rendered":"\n<h4 class=\"wp-block-heading\">Die um 1790 geborene Generation<\/h4>\n\n\n\n<p>Es sind die Urururgro\u00dfeltern (1.*) von Kai, Rita und Jan W\u00f6hl, den Kindern von Bruno (5.1) und Annemarie (5.2) W\u00f6hl:<\/p>\n\n\n\n<div class=\"wp-block-button alignright\"><a class=\"wp-block-button__link\" href=\"https:\/\/familie-woehl.de\/?page_id=78\">n\u00e4chste Seite<\/a><\/div>\n","protected":false},"excerpt":{"rendered":"<p>Die um 1790 geborene Generation Es sind die Urururgro\u00dfeltern (1.*) von Kai, Rita und Jan W\u00f6hl, den Kindern von Bruno (5.1) und Annemarie (5.2) W\u00f6hl:<\/p>\n","protected":false},"author":1,"featured_media":2410,"parent":0,"menu_order":0,"comment_status":"closed","ping_status":"open","template":"","meta":{"footnotes":""},"class_list":["post-74","page","type-page","status-publish","has-post-thumbnail","hentry"],"_links":{"self":[{"href":"https:\/\/familie-woehl.de\/index.php?rest_route=\/wp\/v2\/pages\/74","targetHints":{"allow":["GET"]}}],"collection":[{"href":"https:\/\/familie-woehl.de\/index.php?rest_route=\/wp\/v2\/pages"}],"about":[{"href":"https:\/\/familie-woehl.de\/index.php?rest_route=\/wp\/v2\/types\/page"}],"author":[{"embeddable":true,"href":"https:\/\/familie-woehl.de\/index.php?rest_route=\/wp\/v2\/users\/1"}],"replies":[{"embeddable":true,"href":"https:\/\/familie-woehl.de\/index.php?rest_route=%2Fwp%2Fv2%2Fcomments&post=74"}],"version-history":[{"count":4,"href":"https:\/\/familie-woehl.de\/index.php?rest_route=\/wp\/v2\/pages\/74\/revisions"}],"predecessor-version":[{"id":2412,"href":"https:\/\/familie-woehl.de\/index.php?rest_route=\/wp\/v2\/pages\/74\/revisions\/2412"}],"wp:featuredmedia":[{"embeddable":true,"href":"https:\/\/familie-woehl.de\/index.php?rest_route=\/wp\/v2\/media\/2410"}],"wp:attachment":[{"href":"https:\/\/familie-woehl.de\/index.php?rest_route=%2Fwp%2Fv2%2Fmedia&parent=74"}],"curies":[{"name":"wp","href":"https:\/\/api.w.org\/{rel}","templated":true}]}}

Wöhl-Vorf. nach 1790 (1.1-16)

<h4 class="wp-block-heading">Die um 1790 geborene Generation</h4>



<p>Es sind die Urururgroßeltern (1.*) von Kai, Rita und Jan Wöhl, den Kindern von Bruno (5.1) und Annemarie (5.2) Wöhl:</p>



<div class="wp-block-button alignright"><a class="wp-block-button__link" href="https://familie-woehl.de/?page_id=78">nächste Seite</a></div>

<p>Die um 1790 geborene Generation Es sind die Urururgroßeltern (1.*) von Kai, Rita und Jan Wöhl, den Kindern von Bruno (5.1) und Annemarie (5.2) Wöhl:</p>
